{"id":1006,"date":"2024-01-05T18:48:04","date_gmt":"2024-01-05T18:48:04","guid":{"rendered":"http:\/\/kart-hornets.de\/?page_id=1006"},"modified":"2024-01-05T19:17:11","modified_gmt":"2024-01-05T19:17:11","slug":"rennbericht-kirchlengern-november-2023","status":"publish","type":"page","link":"http:\/\/kart-hornets.de\/?page_id=1006","title":{"rendered":"Rennbericht Kirchlengern November 2023"},"content":{"rendered":"\n<p>Am 04. November 2023 stand f\u00fcr die Kart-Hornets der f\u00fcnfte Saisonlauf in Kirchlengern und damit das vorerst letzte Rennen unter freiem Himmel auf dem Programm. Planm\u00e4\u00dfig sollte der Lauf in umgekehrter Fahrtrichtung von Statten gehen, eine nasse Wettervorhersage und damit verbundene Sicherheitsbedenken beeinflussten die Rennleitung vor Ort jedoch, so dass kurzerhand doch in gewohnter Fahrtrichtung gefahren werden musste. Da aber wechselhafte Wetterbedingungen vorausgesagt wurden, war trotzdem f\u00fcr Spannung gesorgt.<\/p>\n\n\n\n<p>Zun\u00e4chst gingen die Fahrer aber noch bei trockenen Verh\u00e4ltnissen auf Rundenzeitenjagd und versuchten im Qualifying, den bestm\u00f6glichen Startplatz herauszufahren. Als nach zehn Minuten der Vorhang fiel, befand sich Thomas auf dem 13. Startplatz hinter Christian. Mit etwas zeitlichem Abstand zu den Pl\u00e4tzen davor beobachteten die beiden, wie Oli den elften Startplatz einnahm und sich knapp Udo geschlagen geben musste. Tobi erreichte zwar ein Top Ten Ergebnis, kam aber nicht \u00fcber die neunte Startposition hinaus, von wo aus er gute Sicht auf das Heck von Ralf genoss. Frank platzierte sein Kart in der siebten Gridbox direkt hinter dem Pr\u00e4si, der einen Platz unter den ersten F\u00fcnf knapp verpasste, da sich u.a. der Meisterschaftsleader Jannik vor ihm qualifizieren konnte. Noch schneller umrundete Norman jedoch den Kurs, der von Platz Vier aus ins Rennen gehen sollte. Kai ergatterte ein Top Drei Ergebnis und wurde nur von Alex und Peter geschlagen: Alex qualifizierte sich auf dem zweiten Platz, w\u00e4hrend Peter die schnellste Zeit auf die Strecke legte und das Rennen von der Spitzenposition aus in Angriff nahm.<\/p>\n\n\n\n<p>Das Rennen wurde durch einen fliegenden Start freigegeben, doch als der F\u00fchrende Peter die Geschwindigkeit kurz vor der letzten Kurve beim Eintritt in die erste Rennrunde stark verz\u00f6gerte, zog sich das Feld direkt ein klein wenig auseinander, da ein paar der Teilnehmer dies nicht kommen sahen. Besonders die Fahrer im hinteren Bereich waren davon betroffen, w\u00e4hrend Peters erste Verfolger den Anschluss zun\u00e4chst halten konnten. Peter lie\u00df sich davon nicht beirren, konzentrierte sich nu auf sich selbst und versuchte schon in der Anfangsphase Rei\u00dfaus zu nehmen. Alex hingegen hatte alle H\u00e4nde voll zu tun, sich gegen die Karts hinter ihm zu verteidigen. Mit Kai, Norman und Jannik im Schlepptau sp\u00fcrte er in jeder Sekunde den Druck und Kai machte schon fr\u00fch N\u00e4gel mit K\u00f6pfen, nutzte eine offene T\u00fcr zu seinem Vorteil und bremste Alex aus. F\u00fcr Alex war die Gefahr damit jedoch nicht gebannt: Auch Norman war in der Lage anzuklopfen und zwang Alex zunehmend in die Defensive. Ganz hinten duellierten sich Thomas und Christian, davor wurde Frank im Laufe des Rennens bis auf den drittletzten Platz durchgereicht. Dadurch gewann Olli eine Position und stie\u00df in die Top Ten vor, w\u00e4hrend diese Entwicklung f\u00fcr Tobi und Ralf keinen gro\u00dfen Unterschied machte. Es gelang ihnen zwar Frank zu \u00fcberholen, aber der gro\u00dfe Profiteur dieser Gesamtsituation hie\u00df Udo, der sowohl an Tobi als auch an Ralf vorbeischl\u00fcpfen konnte, damit Platz Sieben \u00fcbernahm und seine beiden Verfolger wieder zur\u00fcck auf ihre Startpl\u00e4tze verwies, nachdem sie zun\u00e4chst eine Position gegen Frank gewonnen hatten. Der Pr\u00e4si fuhr zun\u00e4chst ein ruhiges Rennen auf dem sechsten Platz und beobachtete, wie Peter sich an der Spitze absetzen konnte, der Kampf des Quartetts um Platz Zwei jedoch Fahrt aufnahm. Kais Windschatten reichte nicht aus, um Alex abzusichern und Norman zeigte sich immer wieder in seinem Augenwinkel. Alex entschied sich dazu, auf der Ideallinie zu bleiben. So \u00fcbergab er das Heft in die Hand von Norman, der ihn in der ersten Kurve auf der Innenseite attackierte. Alex schaffte es zun\u00e4chst, seinen dritten Platz auf der Au\u00dfenbahn zu verteidigen, doch in der daruffolgenden Linkskurve wurde sein Kurvenausgang derart beeintr\u00e4chtigt, dass sowohl Norman als auch Jannik versuchten, Alex durch eine bessere Beschleunigung zu schlucken. Jetzt entschied sich Alex dazu, die Innenseite zu verteidigen und schickte Norman auf die Au\u00dfenbahn, perfekt f\u00fcr Jannik: Mit einem \u00dcberraschungsangriff auf der Innenseite der folgenden Rechtskurve konnte er mit Norman, der sich au\u00dfen befand und Alex, der nicht genug Schwung hatte, direkt zwei Konkurrenten kassieren und \u00fcbernahm den dritten Platz. Kai spielte diese Entwicklung in die Karten, so dass er sich ein kleines Ruhepolster herausfahren konnte, w\u00e4hrend Peter unterdessen schon beinahe aus dem Sichtfeld seiner Verfolger verschwunden war. Noch konnte Alex den Anschluss an Norman sowie Jannik halten, bis sich die Gruppe den ersten \u00dcberrundungen n\u00e4herten: Thomas machte eine ungl\u00fcckliche Figur, als er nicht damit rechnete, dass sich nicht nur zwei, sondern drei Karts in seinem Heck befanden. So lie\u00df er Jannik und Norman passieren und hielt Alex zu seinem Frust noch eine weitere Runde auf, der daraufhin den direkten Kontakt zu seinen Kontrahenten verlor. Das Rennen hatte jedoch noch eine Wendung auf Lager, als im letzten Renndrittel der angek\u00fcndigte Regen eintrat und die Streckenbedingungen auf den Kopf stellte. Die immer feuchter werdende Strecke stellte die Teilnehmer vor eine gro\u00dfe Herausforderung und Norman &#8211; ausgemachter Regenspezialist in Kirchlengern &#8211; kam am besten zurecht. Er gewann seine Position gegen\u00fcber Jannik zur\u00fcck, die er zuvor noch nach dessen brillanten \u00dcberholman\u00f6ver hat einb\u00fc\u00dfen m\u00fcssen. Kurz darauf nahm Norman verfolgt von Jannik Kai ins Visier und auch Stephan machte Boden auf Alex gut, der sichtlich angeschlagen mit den Streckenverh\u00e4ltnissen zu k\u00e4mpfen hatte. Ein Fehler zwang ihn in der Folge kurzzeitig dazu, seinen Platz gegen Stephan aufzugeben. Diesem unterlief jedoch wenig sp\u00e4ter in der vorletzten Runde ebenfalls ein folgenschwerer Fehler, so dass Alex mit einer kleinen Portion Gl\u00fcck doch noch F\u00fcnfter wurde. Ebenso wie Alex fehlte auch Kai gegen Ende des Rennens etwas das Gef\u00fchl f\u00fcr die schwierigen, immer nasser werdenden Bedingungen auf der Rennstrecke, so dass auch er in der Endabrechnung noch Einbu\u00dfen verzeichnen musste. Nicht nur der heranst\u00fcrmende Norman, sondern auch Jannik schaffte es noch, den zuvor Zweitplatzierten hinter sich zu lassen. An der Spitze profitierte Peter von seinem Ruhepolster, das er sich bereits in der Anfangsphase herausfahren konnte. Es gab f\u00fcr ihn keinen Grund, etwaige Risiken einzugehen, als der Regen zu fallen begann. Also nahm er ein wenig Tempo heraus, genoss frei von jeglichem Druck die fahrerische Herausforderung, sah die schwarz-wei\u00df-karierte Flagge v\u00f6llig ungef\u00e4hrdet als Erster und teilte sich das Podest nach einem ereignisreichen Saisonlauf mit Norman und Jannik.<\/p>\n\n\n\n<p>Aufatmen bei Peter: Nach zuvor entt\u00e4uschenden Ergebnissen in Essen und Oppenrod f\u00e4hrt er am heutigen Tag in souver\u00e4ner Manier wichtige 20 Punkte ein, die ihn punktgleich mit Alex auf 71 Punkte und den zweiten Platz der Gesamtwertung katapultiert. Letzterer muss sich heute zu den Verlierern des Tages z\u00e4hlen, nachdem bei ihm schon fr\u00fch im Rennen der R\u00fcckw\u00e4rtsgang eingelegt worden ist. Norman nimmt durch seinen zweiten Platz mit einem Gesamtpunktestand von 66 Punkten eine Verfolgerposition ein, w\u00e4hrend Jannik immer noch an der Spitze der Tabelle thront. Eine weitere Podestplatzierung bedeutet f\u00fcr ihn, dass er sich weiterhin keinen Patzer erlaubt und sein Punktekonto auf 87 Z\u00e4hler schraubt.<\/p>\n","protected":false},"excerpt":{"rendered":"<p>Am 04. November 2023 stand f\u00fcr die Kart-Hornets der f\u00fcnfte Saisonlauf in Kirchlengern und damit das vorerst letzte Rennen unter freiem Himmel auf dem Programm. Planm\u00e4\u00dfig sollte der Lauf in umgekehrter Fahrtrichtung von Statten gehen, eine nasse Wettervorhersage und damit verbundene Sicherheitsbedenken beeinflussten die Rennleitung vor Ort jedoch, so dass kurzerhand doch in gewohnter Fahrtrichtung &hellip; <a href=\"http:\/\/kart-hornets.de\/?page_id=1006\" class=\"more-link\"><span class=\"screen-reader-text\">Rennbericht Kirchlengern November 2023<\/span> weiterlesen <span class=\"meta-nav\">&rarr;<\/span><\/a><\/p>\n","protected":false},"author":1,"featured_media":0,"parent":0,"menu_order":0,"comment_status":"closed","ping_status":"closed","template":"","meta":{"jetpack_post_was_ever_published":false,"footnotes":""},"class_list":["post-1006","page","type-page","status-publish","hentry"],"jetpack_sharing_enabled":true,"jetpack_shortlink":"https:\/\/wp.me\/PaboIV-ge","_links":{"self":[{"href":"http:\/\/kart-hornets.de\/index.php?rest_route=\/wp\/v2\/pages\/1006","targetHints":{"allow":["GET"]}}],"collection":[{"href":"http:\/\/kart-hornets.de\/index.php?rest_route=\/wp\/v2\/pages"}],"about":[{"href":"http:\/\/kart-hornets.de\/index.php?rest_route=\/wp\/v2\/types\/page"}],"author":[{"embeddable":true,"href":"http:\/\/kart-hornets.de\/index.php?rest_route=\/wp\/v2\/users\/1"}],"replies":[{"embeddable":true,"href":"http:\/\/kart-hornets.de\/index.php?rest_route=%2Fwp%2Fv2%2Fcomments&post=1006"}],"version-history":[{"count":2,"href":"http:\/\/kart-hornets.de\/index.php?rest_route=\/wp\/v2\/pages\/1006\/revisions"}],"predecessor-version":[{"id":1015,"href":"http:\/\/kart-hornets.de\/index.php?rest_route=\/wp\/v2\/pages\/1006\/revisions\/1015"}],"wp:attachment":[{"href":"http:\/\/kart-hornets.de\/index.php?rest_route=%2Fwp%2Fv2%2Fmedia&parent=1006"}],"curies":[{"name":"wp","href":"https:\/\/api.w.org\/{rel}","templated":true}]}}

<p>Am 04. November 2023 stand für die Kart-Hornets der fünfte Saisonlauf in Kirchlengern und damit das vorerst letzte Rennen unter freiem Himmel auf dem Programm. Planmäßig sollte der Lauf in umgekehrter Fahrtrichtung von Statten gehen, eine nasse Wettervorhersage und damit verbundene Sicherheitsbedenken beeinflussten die Rennleitung vor Ort jedoch, so dass kurzerhand doch in gewohnter Fahrtrichtung gefahren werden musste. Da aber wechselhafte Wetterbedingungen vorausgesagt wurden, war trotzdem für Spannung gesorgt.</p>



<p>Zunächst gingen die Fahrer aber noch bei trockenen Verhältnissen auf Rundenzeitenjagd und versuchten im Qualifying, den bestmöglichen Startplatz herauszufahren. Als nach zehn Minuten der Vorhang fiel, befand sich Thomas auf dem 13. Startplatz hinter Christian. Mit etwas zeitlichem Abstand zu den Plätzen davor beobachteten die beiden, wie Oli den elften Startplatz einnahm und sich knapp Udo geschlagen geben musste. Tobi erreichte zwar ein Top Ten Ergebnis, kam aber nicht über die neunte Startposition hinaus, von wo aus er gute Sicht auf das Heck von Ralf genoss. Frank platzierte sein Kart in der siebten Gridbox direkt hinter dem Präsi, der einen Platz unter den ersten Fünf knapp verpasste, da sich u.a. der Meisterschaftsleader Jannik vor ihm qualifizieren konnte. Noch schneller umrundete Norman jedoch den Kurs, der von Platz Vier aus ins Rennen gehen sollte. Kai ergatterte ein Top Drei Ergebnis und wurde nur von Alex und Peter geschlagen: Alex qualifizierte sich auf dem zweiten Platz, während Peter die schnellste Zeit auf die Strecke legte und das Rennen von der Spitzenposition aus in Angriff nahm.</p>



<p>Das Rennen wurde durch einen fliegenden Start freigegeben, doch als der Führende Peter die Geschwindigkeit kurz vor der letzten Kurve beim Eintritt in die erste Rennrunde stark verzögerte, zog sich das Feld direkt ein klein wenig auseinander, da ein paar der Teilnehmer dies nicht kommen sahen. Besonders die Fahrer im hinteren Bereich waren davon betroffen, während Peters erste Verfolger den Anschluss zunächst halten konnten. Peter ließ sich davon nicht beirren, konzentrierte sich nu auf sich selbst und versuchte schon in der Anfangsphase Reißaus zu nehmen. Alex hingegen hatte alle Hände voll zu tun, sich gegen die Karts hinter ihm zu verteidigen. Mit Kai, Norman und Jannik im Schlepptau spürte er in jeder Sekunde den Druck und Kai machte schon früh Nägel mit Köpfen, nutzte eine offene Tür zu seinem Vorteil und bremste Alex aus. Für Alex war die Gefahr damit jedoch nicht gebannt: Auch Norman war in der Lage anzuklopfen und zwang Alex zunehmend in die Defensive. Ganz hinten duellierten sich Thomas und Christian, davor wurde Frank im Laufe des Rennens bis auf den drittletzten Platz durchgereicht. Dadurch gewann Olli eine Position und stieß in die Top Ten vor, während diese Entwicklung für Tobi und Ralf keinen großen Unterschied machte. Es gelang ihnen zwar Frank zu überholen, aber der große Profiteur dieser Gesamtsituation hieß Udo, der sowohl an Tobi als auch an Ralf vorbeischlüpfen konnte, damit Platz Sieben übernahm und seine beiden Verfolger wieder zurück auf ihre Startplätze verwies, nachdem sie zunächst eine Position gegen Frank gewonnen hatten. Der Präsi fuhr zunächst ein ruhiges Rennen auf dem sechsten Platz und beobachtete, wie Peter sich an der Spitze absetzen konnte, der Kampf des Quartetts um Platz Zwei jedoch Fahrt aufnahm. Kais Windschatten reichte nicht aus, um Alex abzusichern und Norman zeigte sich immer wieder in seinem Augenwinkel. Alex entschied sich dazu, auf der Ideallinie zu bleiben. So übergab er das Heft in die Hand von Norman, der ihn in der ersten Kurve auf der Innenseite attackierte. Alex schaffte es zunächst, seinen dritten Platz auf der Außenbahn zu verteidigen, doch in der daruffolgenden Linkskurve wurde sein Kurvenausgang derart beeinträchtigt, dass sowohl Norman als auch Jannik versuchten, Alex durch eine bessere Beschleunigung zu schlucken. Jetzt entschied sich Alex dazu, die Innenseite zu verteidigen und schickte Norman auf die Außenbahn, perfekt für Jannik: Mit einem Überraschungsangriff auf der Innenseite der folgenden Rechtskurve konnte er mit Norman, der sich außen befand und Alex, der nicht genug Schwung hatte, direkt zwei Konkurrenten kassieren und übernahm den dritten Platz. Kai spielte diese Entwicklung in die Karten, so dass er sich ein kleines Ruhepolster herausfahren konnte, während Peter unterdessen schon beinahe aus dem Sichtfeld seiner Verfolger verschwunden war. Noch konnte Alex den Anschluss an Norman sowie Jannik halten, bis sich die Gruppe den ersten Überrundungen näherten: Thomas machte eine unglückliche Figur, als er nicht damit rechnete, dass sich nicht nur zwei, sondern drei Karts in seinem Heck befanden. So ließ er Jannik und Norman passieren und hielt Alex zu seinem Frust noch eine weitere Runde auf, der daraufhin den direkten Kontakt zu seinen Kontrahenten verlor. Das Rennen hatte jedoch noch eine Wendung auf Lager, als im letzten Renndrittel der angekündigte Regen eintrat und die Streckenbedingungen auf den Kopf stellte. Die immer feuchter werdende Strecke stellte die Teilnehmer vor eine große Herausforderung und Norman &#8211; ausgemachter Regenspezialist in Kirchlengern &#8211; kam am besten zurecht. Er gewann seine Position gegenüber Jannik zurück, die er zuvor noch nach dessen brillanten Überholmanöver hat einbüßen müssen. Kurz darauf nahm Norman verfolgt von Jannik Kai ins Visier und auch Stephan machte Boden auf Alex gut, der sichtlich angeschlagen mit den Streckenverhältnissen zu kämpfen hatte. Ein Fehler zwang ihn in der Folge kurzzeitig dazu, seinen Platz gegen Stephan aufzugeben. Diesem unterlief jedoch wenig später in der vorletzten Runde ebenfalls ein folgenschwerer Fehler, so dass Alex mit einer kleinen Portion Glück doch noch Fünfter wurde. Ebenso wie Alex fehlte auch Kai gegen Ende des Rennens etwas das Gefühl für die schwierigen, immer nasser werdenden Bedingungen auf der Rennstrecke, so dass auch er in der Endabrechnung noch Einbußen verzeichnen musste. Nicht nur der heranstürmende Norman, sondern auch Jannik schaffte es noch, den zuvor Zweitplatzierten hinter sich zu lassen. An der Spitze profitierte Peter von seinem Ruhepolster, das er sich bereits in der Anfangsphase herausfahren konnte. Es gab für ihn keinen Grund, etwaige Risiken einzugehen, als der Regen zu fallen begann. Also nahm er ein wenig Tempo heraus, genoss frei von jeglichem Druck die fahrerische Herausforderung, sah die schwarz-weiß-karierte Flagge völlig ungefährdet als Erster und teilte sich das Podest nach einem ereignisreichen Saisonlauf mit Norman und Jannik.</p>



<p>Aufatmen bei Peter: Nach zuvor enttäuschenden Ergebnissen in Essen und Oppenrod fährt er am heutigen Tag in souveräner Manier wichtige 20 Punkte ein, die ihn punktgleich mit Alex auf 71 Punkte und den zweiten Platz der Gesamtwertung katapultiert. Letzterer muss sich heute zu den Verlierern des Tages zählen, nachdem bei ihm schon früh im Rennen der Rückwärtsgang eingelegt worden ist. Norman nimmt durch seinen zweiten Platz mit einem Gesamtpunktestand von 66 Punkten eine Verfolgerposition ein, während Jannik immer noch an der Spitze der Tabelle thront. Eine weitere Podestplatzierung bedeutet für ihn, dass er sich weiterhin keinen Patzer erlaubt und sein Punktekonto auf 87 Zähler schraubt.</p>

<p>Am 04. November 2023 stand für die Kart-Hornets der fünfte Saisonlauf in Kirchlengern und damit das vorerst letzte Rennen unter freiem Himmel auf dem Programm. Planmäßig sollte der Lauf in umgekehrter Fahrtrichtung von Statten gehen, eine nasse Wettervorhersage und damit verbundene Sicherheitsbedenken beeinflussten die Rennleitung vor Ort jedoch, so dass kurzerhand doch in gewohnter Fahrtrichtung &hellip; <a href="http://kart-hornets.de/?page_id=1006" class="more-link"><span class="screen-reader-text">Rennbericht Kirchlengern November 2023</span> weiterlesen <span class="meta-nav">&rarr;</span></a></p>
