{"id":242,"date":"2016-10-19T13:52:24","date_gmt":"2016-10-19T13:52:24","guid":{"rendered":"http:\/\/kart-hornets.de\/?page_id=242"},"modified":"2016-10-19T13:52:24","modified_gmt":"2016-10-19T13:52:24","slug":"kirchlengern-aug-2016","status":"publish","type":"page","link":"http:\/\/kart-hornets.de\/?page_id=242","title":{"rendered":"Kirchlengern Aug. 2016"},"content":{"rendered":"<p>Der zweite Streich<\/p>\n<p>Anfang August trafen sich die Kart-Hornets auf der Strecke in Kirchlengern um den zweiten Lauf der Saison 2016\/2017 anzugehen. Wie immer wurde mit einem 10 min\u00fctigen Qualifiying gestartet.<br \/>\nHier konnte Ralf die Pole f\u00fcr sich buchen, gefolgt von Olli auf der 2. Peter fuhr auf die 3te Position, Frank D. auf die 4. Weiter folgten Stephan und Tobias, danach Achim und Andreas auf Platz 8. Eigentlich auf Platz 9 sollte Claas starten, der jedoch sein Kart tauschte und somit ans Ende des Feldes strafversetzt wurde. Daher war Christian nun 9ter, die Gastfahrer Thomas und Balu 10 und 11.<\/p>\n<p>Durch die ungew\u00f6hnliche Startposition auf der Strecke waren die geraden Startpl\u00e4tze im Hinblick auf die ersten zwei Kurven leicht bevorteilt. Alle standen quer in Ausrichtung auf Kurve eins in ihren Startboxen. Als die gr\u00fcnen Ampeln aufleuchteten, ging das Feld sofort st\u00fcrmisch auf Kuve eins und zwei zu. Ein hei\u00dfer Kampf entbrannte um die innere Linie. Tobias konnte bereits am Start Stephan kassieren, Peter und Frank D. gingen zusammen durch Kurve zwei, Peter musste leicht \u00fcbers Gras, konnte aber die Position behaupten. Frank D., der weiter ausholen musste, wurde von Tobias \u00fcberrascht, der neben ihn ging und auf dem folgenden schnellen Knick sich an Frank D. vorbei dr\u00fccken konnte.<br \/>\nWeiter hinten konnte Christian Andreas und Achim \u00fcberholen, w\u00e4hrend Andreas wiederum Achim \u00fcberholte. Claas fand bereits am Start Anschluss.<br \/>\nVorne setzte sich eine Dreiergruppe aus Ralf, Olli und Peter leicht ab.<br \/>\nTobias k\u00e4mpfte zwei Runden mit Frank, bevor dieser in kurz nach Start\/Ziel \u00fcberholte und sp\u00e4ter Anschluss an die Spitze fand. Stephan jedoch blieb hinter Tobias.<br \/>\nDie Kampfgruppe im hinteren Mittelfeld schenkte sich nichts, es staute sich hinter Christian auf.<br \/>\nClaas konnte erst Achim, dann Andreas und schlie\u00dflich Christian \u00fcberholen.<br \/>\nAls Andreas sich mit Christian im Zweikampf befand, \u00fcberraschte ihn Achim und konnte Andreas \u00fcberholen. Als n\u00e4chsten schnappte er sich auch Christian, der auch hinter Andreas zur\u00fcckfiel.<br \/>\nClaas konnte sich in der Folgezeit absetzen, Andreas und Achim k\u00e4mpften bis zum Ende, jedoch ohne Platztausch.<br \/>\nOlli weiter vorne versuchte Ralf anzugreifen, kam jedoch nicht vorbei, wurde aber in der weiteren Folge von Peter geschluckt, der darauf sein Gl\u00fcck an Ralf versuchte, aber letztlich auch scheiterte.<br \/>\nFrank D. konnte hier den Speed mitgehen, ohne aber entscheidende Impulse zu setzen.<br \/>\nDer Kampf um Platz 5 ging bis kurz vor dem Ende, als Stephan dann doch noch an Tobias vorbei gehen konnte.<br \/>\nSo ergab sich folgender Zieleinlauf:<br \/>\n1) Ralf<br \/>\n2) Peter<br \/>\n3) Olli<br \/>\n4) Frank D.<br \/>\n5) Stephan<br \/>\n6) Tobias<br \/>\n7) Claas<br \/>\n8) Achim<br \/>\n9) Andreas<br \/>\n10) Christian<br \/>\n11) Thomas<br \/>\n12) Balu<\/p>\n","protected":false},"excerpt":{"rendered":"<p>Der zweite Streich Anfang August trafen sich die Kart-Hornets auf der Strecke in Kirchlengern um den zweiten Lauf der Saison 2016\/2017 anzugehen. Wie immer wurde mit einem 10 min\u00fctigen Qualifiying gestartet. Hier konnte Ralf die Pole f\u00fcr sich buchen, gefolgt von Olli auf der 2. Peter fuhr auf die 3te Position, Frank D. auf die &hellip; <a href=\"http:\/\/kart-hornets.de\/?page_id=242\" class=\"more-link\"><span class=\"screen-reader-text\">Kirchlengern Aug. 2016<\/span> weiterlesen <span class=\"meta-nav\">&rarr;<\/span><\/a><\/p>\n","protected":false},"author":1,"featured_media":0,"parent":0,"menu_order":0,"comment_status":"closed","ping_status":"closed","template":"","meta":{"jetpack_post_was_ever_published":false,"footnotes":""},"class_list":["post-242","page","type-page","status-publish","hentry"],"jetpack_sharing_enabled":true,"jetpack_shortlink":"https:\/\/wp.me\/PaboIV-3U","_links":{"self":[{"href":"http:\/\/kart-hornets.de\/index.php?rest_route=\/wp\/v2\/pages\/242","targetHints":{"allow":["GET"]}}],"collection":[{"href":"http:\/\/kart-hornets.de\/index.php?rest_route=\/wp\/v2\/pages"}],"about":[{"href":"http:\/\/kart-hornets.de\/index.php?rest_route=\/wp\/v2\/types\/page"}],"author":[{"embeddable":true,"href":"http:\/\/kart-hornets.de\/index.php?rest_route=\/wp\/v2\/users\/1"}],"replies":[{"embeddable":true,"href":"http:\/\/kart-hornets.de\/index.php?rest_route=%2Fwp%2Fv2%2Fcomments&post=242"}],"version-history":[{"count":1,"href":"http:\/\/kart-hornets.de\/index.php?rest_route=\/wp\/v2\/pages\/242\/revisions"}],"predecessor-version":[{"id":243,"href":"http:\/\/kart-hornets.de\/index.php?rest_route=\/wp\/v2\/pages\/242\/revisions\/243"}],"wp:attachment":[{"href":"http:\/\/kart-hornets.de\/index.php?rest_route=%2Fwp%2Fv2%2Fmedia&parent=242"}],"curies":[{"name":"wp","href":"https:\/\/api.w.org\/{rel}","templated":true}]}}

<p>Der zweite Streich</p>
<p>Anfang August trafen sich die Kart-Hornets auf der Strecke in Kirchlengern um den zweiten Lauf der Saison 2016/2017 anzugehen. Wie immer wurde mit einem 10 minütigen Qualifiying gestartet.<br />
Hier konnte Ralf die Pole für sich buchen, gefolgt von Olli auf der 2. Peter fuhr auf die 3te Position, Frank D. auf die 4. Weiter folgten Stephan und Tobias, danach Achim und Andreas auf Platz 8. Eigentlich auf Platz 9 sollte Claas starten, der jedoch sein Kart tauschte und somit ans Ende des Feldes strafversetzt wurde. Daher war Christian nun 9ter, die Gastfahrer Thomas und Balu 10 und 11.</p>
<p>Durch die ungewöhnliche Startposition auf der Strecke waren die geraden Startplätze im Hinblick auf die ersten zwei Kurven leicht bevorteilt. Alle standen quer in Ausrichtung auf Kurve eins in ihren Startboxen. Als die grünen Ampeln aufleuchteten, ging das Feld sofort stürmisch auf Kuve eins und zwei zu. Ein heißer Kampf entbrannte um die innere Linie. Tobias konnte bereits am Start Stephan kassieren, Peter und Frank D. gingen zusammen durch Kurve zwei, Peter musste leicht übers Gras, konnte aber die Position behaupten. Frank D., der weiter ausholen musste, wurde von Tobias überrascht, der neben ihn ging und auf dem folgenden schnellen Knick sich an Frank D. vorbei drücken konnte.<br />
Weiter hinten konnte Christian Andreas und Achim überholen, während Andreas wiederum Achim überholte. Claas fand bereits am Start Anschluss.<br />
Vorne setzte sich eine Dreiergruppe aus Ralf, Olli und Peter leicht ab.<br />
Tobias kämpfte zwei Runden mit Frank, bevor dieser in kurz nach Start/Ziel überholte und später Anschluss an die Spitze fand. Stephan jedoch blieb hinter Tobias.<br />
Die Kampfgruppe im hinteren Mittelfeld schenkte sich nichts, es staute sich hinter Christian auf.<br />
Claas konnte erst Achim, dann Andreas und schließlich Christian überholen.<br />
Als Andreas sich mit Christian im Zweikampf befand, überraschte ihn Achim und konnte Andreas überholen. Als nächsten schnappte er sich auch Christian, der auch hinter Andreas zurückfiel.<br />
Claas konnte sich in der Folgezeit absetzen, Andreas und Achim kämpften bis zum Ende, jedoch ohne Platztausch.<br />
Olli weiter vorne versuchte Ralf anzugreifen, kam jedoch nicht vorbei, wurde aber in der weiteren Folge von Peter geschluckt, der darauf sein Glück an Ralf versuchte, aber letztlich auch scheiterte.<br />
Frank D. konnte hier den Speed mitgehen, ohne aber entscheidende Impulse zu setzen.<br />
Der Kampf um Platz 5 ging bis kurz vor dem Ende, als Stephan dann doch noch an Tobias vorbei gehen konnte.<br />
So ergab sich folgender Zieleinlauf:<br />
1) Ralf<br />
2) Peter<br />
3) Olli<br />
4) Frank D.<br />
5) Stephan<br />
6) Tobias<br />
7) Claas<br />
8) Achim<br />
9) Andreas<br />
10) Christian<br />
11) Thomas<br />
12) Balu</p>

<p>Der zweite Streich Anfang August trafen sich die Kart-Hornets auf der Strecke in Kirchlengern um den zweiten Lauf der Saison 2016/2017 anzugehen. Wie immer wurde mit einem 10 minütigen Qualifiying gestartet. Hier konnte Ralf die Pole für sich buchen, gefolgt von Olli auf der 2. Peter fuhr auf die 3te Position, Frank D. auf die &hellip; <a href="http://kart-hornets.de/?page_id=242" class="more-link"><span class="screen-reader-text">Kirchlengern Aug. 2016</span> weiterlesen <span class="meta-nav">&rarr;</span></a></p>
