{"id":288,"date":"2017-03-19T14:01:28","date_gmt":"2017-03-19T14:01:28","guid":{"rendered":"http:\/\/kart-hornets.de\/?page_id=288"},"modified":"2017-03-19T14:37:56","modified_gmt":"2017-03-19T14:37:56","slug":"team-rennen-in-eupen","status":"publish","type":"page","link":"http:\/\/kart-hornets.de\/?page_id=288","title":{"rendered":"Team Rennen in Eupen"},"content":{"rendered":"<p>Am 12.3.2017 traten Peter, Frank und Andreas f\u00fcr die Karthornets beim 3- Stunden Round Table Charity Kart Cup in Eupen\/Belgien an.<\/p>\n<p>Vorab einige Details zur Bahn: Die 1,1 km lange Strecke ist die l\u00e4ngste Indoor Kart Strecke weltweit. Es gibt viele technische Kurven und gute \u00dcberholm\u00f6glichkeiten. Zu erw\u00e4hnen ist ausserdem die Br\u00fccken- Tunnel Kombination, welche diese Strecke noch spektakul\u00e4rer macht.<br \/>\nDie Strecke kann in beide Richtungen befahren werden, wobei bei diesem Rennen entgegen des Uhrzeigersinns gefahren wurde.<\/p>\n<p>Nun zum Renngeschehen: Um 9 Uhr fand das Fahrerbriefing statt, bei dem noch einige offene Fragen gekl\u00e4rt werden konnten.<\/p>\n<p>Da Frank und Peter diese Strecke schon im Vorfeld testen konnten, startete Andreas mit dem Qualifying und wurde nach 10 Minuten von Frank abgel\u00f6st, der die letzten 5 Minuten des Qualifyings fuhr und danach als erster Fahrer f\u00fcr die Karthornets auf Position 14 ins Rennen startete. Die Zeiten der Positionen 10-15 lagen dabei sehr dicht beieinander.<\/p>\n<p>Bei 32 Teams wurde selbstverst\u00e4ndlich ein fliegender Start vollzogen und so ging es dann ins Rennen. Frank konnte die im Qualifying rausgefahrene Position zun\u00e4chst halten. Wegen des vom Team leicht vorgezogenen Fahrerwechsels konnten einige Verfolger zun\u00e4chst vorbeiziehen. Andreas \u00fcbernahm das Kart von Frank, fand relativ schnell seinen Rhythmus und konnte so einiges an Boden gut machen. Das stellte sich f\u00fcr alle als nicht ganz einfach heraus, da sich unterschiedlich starke Fahrer im Starterfeld befanden.<\/p>\n<p>Nach ungef\u00e4hr der H\u00e4lfte des Rennens wurde ein Kartwechsel durchgef\u00fchrt. Das zu dem Zeitpunkt f\u00fchrende Team bekam ein warmgefahrenes Kart aus der Box, Platz 2 bekam das Kart von Platz 1 usw. Bei diesem Kartwechsel durfte auch ein Fahrerwechsel vollzogen werden und so \u00fcbergab Andreas bei dem Kartwechsel an Frank. Frank konnte in seinem Turn einige sehr schnelle Runden zaubern und Pl\u00e4tze gewinnen. Andreas \u00fcbernahm wiederum f\u00fcr einen kurzen Stint das Kart von Frank und \u00fcbergab sodann an Peter. Andreas konnte mit dem neuen Kart seine eigene Zeit deutlich toppen, an die Zeiten seiner Teamkollegen kam er nicht heran.<\/p>\n<p>Durch die Wechsel der anderen Teams und durch einige sehenswerte \u00dcberholman\u00f6ver der Hornets fanden wir uns nach weiteren Fahrerwechseln auf Andreas und Peter in den Top 10 auf Position 9 wieder. Diese Position konnte bis zum Rennende verteidigt und der Abstand zum Zehnplatzierten bis auf eine viertel Runde Vorsprung ausgebaut werden. An den Achtplazierten war allerdings kein Herankommen m\u00f6glich, da dieser eine ganze Runde Vorsprung hatte.<\/p>\n<p>So beendeten die Karthornets das Rennen mit einem guten 9. Platz von 32 Teams. Es w\u00e4re vielleicht noch die ein oder andere bessere Platzierung drin gewesen, was die nach dem Kartwechsel gefahrenen Zeiten best\u00e4tigt haben. Hier ist auf jeden Fall zu erw\u00e4hnen, dass unser Team bei ca. 100 angetretenen Fahrern die f\u00fcnftbeste Zeit gefahren ist. Auch das kann als Erfolg verbucht werden. Daher ist das Team mit dem 9. Platz sehr zufrieden.<\/p>\n<p>Zusammenfassend war es eine sehr gelungene Veranstaltung, die \u00e4u\u00dfert professionell von den Betreibern der Kartbahn und den Veranstaltern (Round Table) des Rennens sowie den Sponsoren (u.a. Maserati) organisiert und durchgef\u00fchrt wurde. Die weite Anreise mag zwar im ersten Moment abschrecken, ein Besuch dieser Kartbahn lohnt sich aber in jedem Fall.<\/p>\n<p><span class=\"embed-youtube\" style=\"text-align:center; display: block;\"><iframe loading=\"lazy\" class=\"youtube-player\" width=\"474\" height=\"267\" src=\"https:\/\/www.youtube.com\/embed\/hDdGC54i0NY?version=3&#038;rel=1&#038;showsearch=0&#038;showinfo=1&#038;iv_load_policy=1&#038;fs=1&#038;hl=de-DE&#038;autohide=2&#038;wmode=transparent\" allowfullscreen=\"true\" style=\"border:0;\" sandbox=\"allow-scripts allow-same-origin allow-popups allow-presentation\"><\/iframe><\/span><\/p>\n<p>https:\/\/www.facebook.com\/rtcharitycup\/<\/p>\n<p>https:\/\/www.facebook.com\/eupener.karting\/<\/p>\n<p>https:\/\/www.facebook.com\/Kart-Hornetsde-250336421696421\/<\/p>\n","protected":false},"excerpt":{"rendered":"<p>Am 12.3.2017 traten Peter, Frank und Andreas f\u00fcr die Karthornets beim 3- Stunden Round Table Charity Kart Cup in Eupen\/Belgien an. Vorab einige Details zur Bahn: Die 1,1 km lange Strecke ist die l\u00e4ngste Indoor Kart Strecke weltweit. Es gibt viele technische Kurven und gute \u00dcberholm\u00f6glichkeiten. Zu erw\u00e4hnen ist ausserdem die Br\u00fccken- Tunnel Kombination, welche &hellip; <a href=\"http:\/\/kart-hornets.de\/?page_id=288\" class=\"more-link\"><span class=\"screen-reader-text\">Team Rennen in Eupen<\/span> weiterlesen <span class=\"meta-nav\">&rarr;<\/span><\/a><\/p>\n","protected":false},"author":1,"featured_media":0,"parent":0,"menu_order":0,"comment_status":"closed","ping_status":"closed","template":"","meta":{"jetpack_post_was_ever_published":false,"footnotes":""},"class_list":["post-288","page","type-page","status-publish","hentry"],"jetpack_sharing_enabled":true,"jetpack_shortlink":"https:\/\/wp.me\/PaboIV-4E","_links":{"self":[{"href":"http:\/\/kart-hornets.de\/index.php?rest_route=\/wp\/v2\/pages\/288","targetHints":{"allow":["GET"]}}],"collection":[{"href":"http:\/\/kart-hornets.de\/index.php?rest_route=\/wp\/v2\/pages"}],"about":[{"href":"http:\/\/kart-hornets.de\/index.php?rest_route=\/wp\/v2\/types\/page"}],"author":[{"embeddable":true,"href":"http:\/\/kart-hornets.de\/index.php?rest_route=\/wp\/v2\/users\/1"}],"replies":[{"embeddable":true,"href":"http:\/\/kart-hornets.de\/index.php?rest_route=%2Fwp%2Fv2%2Fcomments&post=288"}],"version-history":[{"count":3,"href":"http:\/\/kart-hornets.de\/index.php?rest_route=\/wp\/v2\/pages\/288\/revisions"}],"predecessor-version":[{"id":297,"href":"http:\/\/kart-hornets.de\/index.php?rest_route=\/wp\/v2\/pages\/288\/revisions\/297"}],"wp:attachment":[{"href":"http:\/\/kart-hornets.de\/index.php?rest_route=%2Fwp%2Fv2%2Fmedia&parent=288"}],"curies":[{"name":"wp","href":"https:\/\/api.w.org\/{rel}","templated":true}]}}