{"id":462,"date":"2018-08-19T06:20:03","date_gmt":"2018-08-19T06:20:03","guid":{"rendered":"http:\/\/kart-hornets.de\/?page_id=462"},"modified":"2018-08-19T06:20:03","modified_gmt":"2018-08-19T06:20:03","slug":"bocholt-2018","status":"publish","type":"page","link":"http:\/\/kart-hornets.de\/?page_id=462","title":{"rendered":"Bocholt 2018"},"content":{"rendered":"<p>Nach dem Saisonauftakt in Oldenzaal fuhren die Kart-Hornets am 11.08.18 nach Bocholt zu ihrem 2. Saisonlauf und weihten damit gleichzeitig ihre neuen T-Shirts ein, die mit ihrem gro\u00dfen Logo auf dem R\u00fccken, modernem Design und schlichten schwarzen und silbernen sowie traditionell auff\u00e4lligen gr\u00fcnen Elementen wirklich eine Augenweide sind. Die spannendste Frage vor dem Rennen war nat\u00fcrlich, ob Stefan K. das Momentum nach seinem Auftaktsieg aufrechterhalten k\u00f6nnte oder ob es einem anderen Fahrer gel\u00e4nge, ihn von der Spitze zu verdr\u00e4ngen.<\/p>\n<p>W\u00e4hrend Andreas und Frank weiterhin pausieren mussten und auch Mario sowie Ralf verhindert waren, stie\u00dfen Christian und Klaus wieder zum Fahrerfeld dazu. Zur Freude aller Teilnehmer waren die Witterungsbedingungen gut, so dass der Au\u00dfenbereich der Strecke ge\u00f6ffnet war und befahren werden konnte.<\/p>\n<p>Im Qualifying auf der kurvenreichen Strecke mit einigen T\u00fccken konnte sich Stephan Z. die Poleposition vor Stefan K. sichern. In Lauerstellung auf Platz 3 fuhr Peter. Oliver und Claas sortierten sich auf den Pl\u00e4tzen 4 und 5 ein. Alexander wurde Sechster vor Tobias. Christian und Klaus fanden sich auf den Pl\u00e4tzen 8 und 9 wieder.<\/p>\n<p>Nach einer Aufw\u00e4rmrunde hinter dem Pacecar wurde das Rennen mit einem fliegenden Start freigegeben und die Positionen am Start blieben unver\u00e4ndert. Klaus und Christian auf den Pl\u00e4tzen 9 und 8 konnten den Speed der Vorderm\u00e4nner nicht ganz mitgehen und sollten ihre Positionen bis zum Ende des Rennens behalten. Gleiches galt f\u00fcr Oliver und Claas auf den Pl\u00e4tzen 4 und 5. Sie mussten zur Spitzengruppe abrei\u00dfen lassen, obwohl sie pers\u00f6nliche Bestzeiten fuhren. Aber w\u00e4hrend in Oldenzaal Claas gegen\u00fcber Oliver noch die Nase vorn hatte, behielt Letzterer dieses Mal die Oberhand und machte den Platztausch im Vergleich zum Vormonat perfekt. Dahinter gab es ein intensives Duell zwischen Alexander und Tobias um Platz 6. Alexander, der mit zunehmender Renndauer mehr und mehr mit seinem Kart zu k\u00e4mpfen hatte, wehrte sich nach Kr\u00e4ften, aber es war die letzte Runde, in der er sich Tobias geschlagen geben musste. Mit einem starken Man\u00f6ver stach er in der lang gezogenen Rechtskurve des Au\u00dfenbereichs innen hinein und lie\u00df Alexander in den darauf folgenden Linkskurven keine Chance zum Kontern. Ein ebenso intensiver Zweikampf trug sich um Platz 2 zu: Der Vormonatssieger Stefan K. musste sich gegen den heranst\u00fcrmenden Peter verteidigen. Der amtierende Champion versuchte alles, um seinen Vordermann niederzuringen. Peter, der als T\u00fcftler und Taktiker bekannt ist, \u00fcbte so viel Druck aus wie er konnte, probierte viele alternative Linien, doch Stefan vor ihm behielt einen k\u00fchlen Kopf und verteidigte seine Position mit Bravour. An der Spitze dominierte Stephan Z. das Rennen. Fehlerfrei und schneller als alle anderen fuhr er in beeindruckender Manier souver\u00e4n und ungef\u00e4hrdet zum Sieg. Damit teilten sich Stephan Z., Stefan K. und Peter erneut das Podium, allerdings in einer anderen Reihenfolge.<\/p>\n<p>In der Meisterschaft zeichnet sich schon fr\u00fch in der Saison ein Dreikampf ab: Stefan K. f\u00fchrt die Wertung auch nach dem zweiten Rennen noch an. Dank seines Sieges ist Stephan Z. nur zwei Punkte zur\u00fcck und weitere zwei Punkte dahinter lauert Peter.<\/p>\n<p>Geschrieben von Alex <\/p>\n","protected":false},"excerpt":{"rendered":"<p>Nach dem Saisonauftakt in Oldenzaal fuhren die Kart-Hornets am 11.08.18 nach Bocholt zu ihrem 2. Saisonlauf und weihten damit gleichzeitig ihre neuen T-Shirts ein, die mit ihrem gro\u00dfen Logo auf dem R\u00fccken, modernem Design und schlichten schwarzen und silbernen sowie traditionell auff\u00e4lligen gr\u00fcnen Elementen wirklich eine Augenweide sind. Die spannendste Frage vor dem Rennen war &hellip; <a href=\"http:\/\/kart-hornets.de\/?page_id=462\" class=\"more-link\"><span class=\"screen-reader-text\">Bocholt 2018<\/span> weiterlesen <span class=\"meta-nav\">&rarr;<\/span><\/a><\/p>\n","protected":false},"author":1,"featured_media":0,"parent":0,"menu_order":0,"comment_status":"closed","ping_status":"closed","template":"","meta":{"jetpack_post_was_ever_published":false,"footnotes":""},"class_list":["post-462","page","type-page","status-publish","hentry"],"jetpack_sharing_enabled":true,"jetpack_shortlink":"https:\/\/wp.me\/PaboIV-7s","_links":{"self":[{"href":"http:\/\/kart-hornets.de\/index.php?rest_route=\/wp\/v2\/pages\/462","targetHints":{"allow":["GET"]}}],"collection":[{"href":"http:\/\/kart-hornets.de\/index.php?rest_route=\/wp\/v2\/pages"}],"about":[{"href":"http:\/\/kart-hornets.de\/index.php?rest_route=\/wp\/v2\/types\/page"}],"author":[{"embeddable":true,"href":"http:\/\/kart-hornets.de\/index.php?rest_route=\/wp\/v2\/users\/1"}],"replies":[{"embeddable":true,"href":"http:\/\/kart-hornets.de\/index.php?rest_route=%2Fwp%2Fv2%2Fcomments&post=462"}],"version-history":[{"count":1,"href":"http:\/\/kart-hornets.de\/index.php?rest_route=\/wp\/v2\/pages\/462\/revisions"}],"predecessor-version":[{"id":463,"href":"http:\/\/kart-hornets.de\/index.php?rest_route=\/wp\/v2\/pages\/462\/revisions\/463"}],"wp:attachment":[{"href":"http:\/\/kart-hornets.de\/index.php?rest_route=%2Fwp%2Fv2%2Fmedia&parent=462"}],"curies":[{"name":"wp","href":"https:\/\/api.w.org\/{rel}","templated":true}]}}

<p>Nach dem Saisonauftakt in Oldenzaal fuhren die Kart-Hornets am 11.08.18 nach Bocholt zu ihrem 2. Saisonlauf und weihten damit gleichzeitig ihre neuen T-Shirts ein, die mit ihrem großen Logo auf dem Rücken, modernem Design und schlichten schwarzen und silbernen sowie traditionell auffälligen grünen Elementen wirklich eine Augenweide sind. Die spannendste Frage vor dem Rennen war natürlich, ob Stefan K. das Momentum nach seinem Auftaktsieg aufrechterhalten könnte oder ob es einem anderen Fahrer gelänge, ihn von der Spitze zu verdrängen.</p>
<p>Während Andreas und Frank weiterhin pausieren mussten und auch Mario sowie Ralf verhindert waren, stießen Christian und Klaus wieder zum Fahrerfeld dazu. Zur Freude aller Teilnehmer waren die Witterungsbedingungen gut, so dass der Außenbereich der Strecke geöffnet war und befahren werden konnte.</p>
<p>Im Qualifying auf der kurvenreichen Strecke mit einigen Tücken konnte sich Stephan Z. die Poleposition vor Stefan K. sichern. In Lauerstellung auf Platz 3 fuhr Peter. Oliver und Claas sortierten sich auf den Plätzen 4 und 5 ein. Alexander wurde Sechster vor Tobias. Christian und Klaus fanden sich auf den Plätzen 8 und 9 wieder.</p>
<p>Nach einer Aufwärmrunde hinter dem Pacecar wurde das Rennen mit einem fliegenden Start freigegeben und die Positionen am Start blieben unverändert. Klaus und Christian auf den Plätzen 9 und 8 konnten den Speed der Vordermänner nicht ganz mitgehen und sollten ihre Positionen bis zum Ende des Rennens behalten. Gleiches galt für Oliver und Claas auf den Plätzen 4 und 5. Sie mussten zur Spitzengruppe abreißen lassen, obwohl sie persönliche Bestzeiten fuhren. Aber während in Oldenzaal Claas gegenüber Oliver noch die Nase vorn hatte, behielt Letzterer dieses Mal die Oberhand und machte den Platztausch im Vergleich zum Vormonat perfekt. Dahinter gab es ein intensives Duell zwischen Alexander und Tobias um Platz 6. Alexander, der mit zunehmender Renndauer mehr und mehr mit seinem Kart zu kämpfen hatte, wehrte sich nach Kräften, aber es war die letzte Runde, in der er sich Tobias geschlagen geben musste. Mit einem starken Manöver stach er in der lang gezogenen Rechtskurve des Außenbereichs innen hinein und ließ Alexander in den darauf folgenden Linkskurven keine Chance zum Kontern. Ein ebenso intensiver Zweikampf trug sich um Platz 2 zu: Der Vormonatssieger Stefan K. musste sich gegen den heranstürmenden Peter verteidigen. Der amtierende Champion versuchte alles, um seinen Vordermann niederzuringen. Peter, der als Tüftler und Taktiker bekannt ist, übte so viel Druck aus wie er konnte, probierte viele alternative Linien, doch Stefan vor ihm behielt einen kühlen Kopf und verteidigte seine Position mit Bravour. An der Spitze dominierte Stephan Z. das Rennen. Fehlerfrei und schneller als alle anderen fuhr er in beeindruckender Manier souverän und ungefährdet zum Sieg. Damit teilten sich Stephan Z., Stefan K. und Peter erneut das Podium, allerdings in einer anderen Reihenfolge.</p>
<p>In der Meisterschaft zeichnet sich schon früh in der Saison ein Dreikampf ab: Stefan K. führt die Wertung auch nach dem zweiten Rennen noch an. Dank seines Sieges ist Stephan Z. nur zwei Punkte zurück und weitere zwei Punkte dahinter lauert Peter.</p>
<p>Geschrieben von Alex </p>

<p>Nach dem Saisonauftakt in Oldenzaal fuhren die Kart-Hornets am 11.08.18 nach Bocholt zu ihrem 2. Saisonlauf und weihten damit gleichzeitig ihre neuen T-Shirts ein, die mit ihrem großen Logo auf dem Rücken, modernem Design und schlichten schwarzen und silbernen sowie traditionell auffälligen grünen Elementen wirklich eine Augenweide sind. Die spannendste Frage vor dem Rennen war &hellip; <a href="http://kart-hornets.de/?page_id=462" class="more-link"><span class="screen-reader-text">Bocholt 2018</span> weiterlesen <span class="meta-nav">&rarr;</span></a></p>
