{"id":536,"date":"2019-07-06T06:05:03","date_gmt":"2019-07-06T06:05:03","guid":{"rendered":"http:\/\/kart-hornets.de\/?page_id=536"},"modified":"2019-07-06T06:05:03","modified_gmt":"2019-07-06T06:05:03","slug":"hagen-2019","status":"publish","type":"page","link":"http:\/\/kart-hornets.de\/?page_id=536","title":{"rendered":"Hagen 2019"},"content":{"rendered":"<p>Zu ihrem vorletzten Saisonlauf reisten die Kart-Hornets am 03.05.19 zum Motodrom Hagen, das auf Grund seiner Schnelligkeit und der leistungsf\u00e4higen Karts ein Highlight der Jahres darstellt. Doch es sollte das einzige Regenrennen der Saison werden und damit die Karten ganz neu mischen.<\/p>\n<p>Sich mit den Trockenreifen auf die nasse Fahrbahn einzustellen, war f\u00fcr alle Fahrer die wohl gr\u00f6\u00dfte Herausforderung des Jahres und es war Peter, der seine ganze Erfahrung ausspielen konnte und sein Kart auf der Pole platzierte. Ihm folgten Tobias, Claas, Kai und Olli, w\u00e4hrend Stephan nur Platz Sechs belegen konnte. Christian wurde Siebter und die Pl\u00e4tze dahinter wurden komplettiert durch Udo, Alex, Andreas, Carsten und Norman, die allesamt ihre erste Regenfahrt \u00fcberhaupt bestritten.<\/p>\n<p>Auf Grund der Bedingungen war die Startaufstellung jedoch so irrelevant wie nur selten zuvor in der laufenden Saison. Das Rennen begann mit einem Paukenschlag: Peter drehte sich in Runde Eins und fiel zur\u00fcck, auch alle anderen waren vor Fehlern nicht sicher, weshalb sich die Reihenfolge in diesem chaotischen Rennen st\u00e4ndig \u00e4nderte. Andreas, Udo und Norman belegten die letzten drei Pl\u00e4tze. Davor wurde Christian Neunter, der zwar gut mit den Bedingungen zurechtzukommen schien, aber durch einen schwer wiegenden Fehler entscheidend zur\u00fcckgeworfen wurde. Carsten belegte Platz Acht und konnte damit genau wie Alex auf Platz Sieben Pl\u00e4tze gewinnen. Beide waren nicht sehr schnell unterwegs, aber weitestgehend fehlerfrei. Kai wurde Sechster hinter Tobias und Claas, der damit das Podium knapp verpasste, da sich Peter als schnellster Mann im Feld im Laufe des Rennens bis auf Platz Drei zur\u00fcckk\u00e4mpfen konnte. Stephan erreichte seinerseits einen wichtigen zweiten Platz. Doch der Sieg geh\u00f6rte heute Olli. Einmal vorne hatte er sich gut auf die Bedingungen eingeschossen und fuhr mit einer fantastischen Leistung verdienterma\u00dfen als Erster durchs Ziel.<\/p>\n<p>Durch dieses Ergebnis kann Stephan vor dem Saisonfinale seine Au\u00dfenseiterchance auf den Titel wahren. Mit zw\u00f6lf Punkten R\u00fcckstand auf Peter reist er Anfang Juni nach Kirchlengern.<\/p>\n","protected":false},"excerpt":{"rendered":"<p>Zu ihrem vorletzten Saisonlauf reisten die Kart-Hornets am 03.05.19 zum Motodrom Hagen, das auf Grund seiner Schnelligkeit und der leistungsf\u00e4higen Karts ein Highlight der Jahres darstellt. Doch es sollte das einzige Regenrennen der Saison werden und damit die Karten ganz neu mischen. Sich mit den Trockenreifen auf die nasse Fahrbahn einzustellen, war f\u00fcr alle Fahrer &hellip; <a href=\"http:\/\/kart-hornets.de\/?page_id=536\" class=\"more-link\"><span class=\"screen-reader-text\">Hagen 2019<\/span> weiterlesen <span class=\"meta-nav\">&rarr;<\/span><\/a><\/p>\n","protected":false},"author":1,"featured_media":0,"parent":0,"menu_order":0,"comment_status":"closed","ping_status":"closed","template":"","meta":{"jetpack_post_was_ever_published":false,"footnotes":""},"class_list":["post-536","page","type-page","status-publish","hentry"],"jetpack_sharing_enabled":true,"jetpack_shortlink":"https:\/\/wp.me\/PaboIV-8E","_links":{"self":[{"href":"http:\/\/kart-hornets.de\/index.php?rest_route=\/wp\/v2\/pages\/536","targetHints":{"allow":["GET"]}}],"collection":[{"href":"http:\/\/kart-hornets.de\/index.php?rest_route=\/wp\/v2\/pages"}],"about":[{"href":"http:\/\/kart-hornets.de\/index.php?rest_route=\/wp\/v2\/types\/page"}],"author":[{"embeddable":true,"href":"http:\/\/kart-hornets.de\/index.php?rest_route=\/wp\/v2\/users\/1"}],"replies":[{"embeddable":true,"href":"http:\/\/kart-hornets.de\/index.php?rest_route=%2Fwp%2Fv2%2Fcomments&post=536"}],"version-history":[{"count":1,"href":"http:\/\/kart-hornets.de\/index.php?rest_route=\/wp\/v2\/pages\/536\/revisions"}],"predecessor-version":[{"id":537,"href":"http:\/\/kart-hornets.de\/index.php?rest_route=\/wp\/v2\/pages\/536\/revisions\/537"}],"wp:attachment":[{"href":"http:\/\/kart-hornets.de\/index.php?rest_route=%2Fwp%2Fv2%2Fmedia&parent=536"}],"curies":[{"name":"wp","href":"https:\/\/api.w.org\/{rel}","templated":true}]}}

<p>Zu ihrem vorletzten Saisonlauf reisten die Kart-Hornets am 03.05.19 zum Motodrom Hagen, das auf Grund seiner Schnelligkeit und der leistungsfähigen Karts ein Highlight der Jahres darstellt. Doch es sollte das einzige Regenrennen der Saison werden und damit die Karten ganz neu mischen.</p>
<p>Sich mit den Trockenreifen auf die nasse Fahrbahn einzustellen, war für alle Fahrer die wohl größte Herausforderung des Jahres und es war Peter, der seine ganze Erfahrung ausspielen konnte und sein Kart auf der Pole platzierte. Ihm folgten Tobias, Claas, Kai und Olli, während Stephan nur Platz Sechs belegen konnte. Christian wurde Siebter und die Plätze dahinter wurden komplettiert durch Udo, Alex, Andreas, Carsten und Norman, die allesamt ihre erste Regenfahrt überhaupt bestritten.</p>
<p>Auf Grund der Bedingungen war die Startaufstellung jedoch so irrelevant wie nur selten zuvor in der laufenden Saison. Das Rennen begann mit einem Paukenschlag: Peter drehte sich in Runde Eins und fiel zurück, auch alle anderen waren vor Fehlern nicht sicher, weshalb sich die Reihenfolge in diesem chaotischen Rennen ständig änderte. Andreas, Udo und Norman belegten die letzten drei Plätze. Davor wurde Christian Neunter, der zwar gut mit den Bedingungen zurechtzukommen schien, aber durch einen schwer wiegenden Fehler entscheidend zurückgeworfen wurde. Carsten belegte Platz Acht und konnte damit genau wie Alex auf Platz Sieben Plätze gewinnen. Beide waren nicht sehr schnell unterwegs, aber weitestgehend fehlerfrei. Kai wurde Sechster hinter Tobias und Claas, der damit das Podium knapp verpasste, da sich Peter als schnellster Mann im Feld im Laufe des Rennens bis auf Platz Drei zurückkämpfen konnte. Stephan erreichte seinerseits einen wichtigen zweiten Platz. Doch der Sieg gehörte heute Olli. Einmal vorne hatte er sich gut auf die Bedingungen eingeschossen und fuhr mit einer fantastischen Leistung verdientermaßen als Erster durchs Ziel.</p>
<p>Durch dieses Ergebnis kann Stephan vor dem Saisonfinale seine Außenseiterchance auf den Titel wahren. Mit zwölf Punkten Rückstand auf Peter reist er Anfang Juni nach Kirchlengern.</p>

<p>Zu ihrem vorletzten Saisonlauf reisten die Kart-Hornets am 03.05.19 zum Motodrom Hagen, das auf Grund seiner Schnelligkeit und der leistungsfähigen Karts ein Highlight der Jahres darstellt. Doch es sollte das einzige Regenrennen der Saison werden und damit die Karten ganz neu mischen. Sich mit den Trockenreifen auf die nasse Fahrbahn einzustellen, war für alle Fahrer &hellip; <a href="http://kart-hornets.de/?page_id=536" class="more-link"><span class="screen-reader-text">Hagen 2019</span> weiterlesen <span class="meta-nav">&rarr;</span></a></p>
