{"id":590,"date":"2019-10-01T21:10:50","date_gmt":"2019-10-01T21:10:50","guid":{"rendered":"http:\/\/kart-hornets.de\/?page_id=590"},"modified":"2019-10-01T21:10:50","modified_gmt":"2019-10-01T21:10:50","slug":"rennbericht-oldenzaal-2019","status":"publish","type":"page","link":"http:\/\/kart-hornets.de\/?page_id=590","title":{"rendered":"Rennbericht Oldenzaal 2019"},"content":{"rendered":"<p>Nach einer sehr erfolgreichen Saison 18\/19 kehrten die Kart-Hornets einen Monat sp\u00e4ter, am 06.07.19, an den Ort zur\u00fcck, wo schon ein Jahr zuvor die neue Saison ihren Anfang nahm. Hochmotiviert, voller Tatendrang und mit einigen interessanten Neuerungen im Gep\u00e4ck reiste man ins niederl\u00e4ndische Oldenzaal: Mit Kai, Norman, Udo und Andreas F. griffen gleich vier neue Fahrer erstmals f\u00fcr eine ganze Saison ins Lenkrad. Das angewachsene Fahrerfeld f\u00fchrte zudem zu einer Anpassung des Punktesystems, das nicht nur das Podium etwas mehr belohnt, sondern auch mehr Punkte an die hinteren Pl\u00e4tze verteilt, so dass sich auch regelm\u00e4\u00dfige Rennteilnahmen entscheidend auf die Meisterschaftssituation auswirken k\u00f6nnen.<\/p>\n<p>Merklich angespannten begannen die Fahrer das erste Qualifying der neuen Saison. Noch herrschten warme und trockene Witterungsbedingungen. Somit wurde es auf der schnellen Strecken ein Qualifyingshowdown, bei dem alle Teilnehmer bis ans Limit getrieben wurden und es war Tobi, der sich denkbar knapp vor dem neuen und alten Meistertiteltr\u00e4ger Peter, die erste Pole der neuen Saison sichern konnte. Nicht weit hinter dem F\u00fchrungsduo lauerten Claas und Stephan auf den Pl\u00e4tzen Drei und Vier und auch Alex und Ralf auf den Pl\u00e4tzen F\u00fcnf und Sechs konnten sich mit ihren Zeiten noch zum erweiterten Favoritenkreis z\u00e4hlen.<\/p>\n<p>Doch der Wettergott hatte anderes im Sinn und entschloss sich, die Karten neu zu mischen: In der standesgem\u00e4\u00dfen Pause zwischen Qualifying und Rennen in Oldenzaal setzte ein Regenguss ein, so dass das Rennen bei nasser Strecke, die auch bis zum Schluss nicht mehr abtrocknete, gefahren werden musste.<br \/>\nDen ersten R\u00fcckschlag musste Alex hinnehmen, als er sich in Kurve Zwei drehte. Im weiteren Verlauf des Rennens verloren auch Andreas F. und Carsten die Kontrolle und wurden im wahrsten Sinne des Wortes ans Ende des Feldes gesp\u00fclt. Norman k\u00e4mpfte sich nach einem fr\u00fchen Fehler zur\u00fcck und fuhr vor bis auf Platz Neun, den Udo auf Grund eines sp\u00e4ten Drehers doch noch abgeben musste. Alex betrieb mit dem achten Platz Schadensbegrenzung, Ralf und Andi ordneten sich auf den Pl\u00e4tzen Sieben und Sechs ein. An der Spitze war es ein umk\u00e4mpftes Rennen. Runde f\u00fcr Runde wurden die Fahrer aufs Neue vor die Herausforderung gestellt, sich am Limit zu bewegen und gleichzeitig die Kontrolle \u00fcber ihr Fahrzeug zu behalten. Die Zweikampff\u00fchrung war wegen der Witterungsbedingungen besonders schwierig und so war Mut und auch ein wenig Ellenbogeneinsatz erforderlich, um sich am Ende &#8211; trotz Regen &#8211; den Platz an der Sonne zu sichern. So wurde Tobi im Laufe des Rennens auf Platz F\u00fcnf durchgereicht, Stephan hielt seinen vierten Startplatz und Olli, der schon zwei Monate zuvor im Regen brillieren konnte, k\u00e4mpfte sich von Startplatz Sieben bis aufs Podium. Peter fuhr zun\u00e4chst die Ellenbogen gegen Tobi aus, um zwischenzeitlich die F\u00fchrung zu \u00fcbernehmen, musste aber Claas ziehen lassen, nachdem dieser zuvor eine \u00dcberrundung f\u00fcr sich nutzen konnte, um Tobi zu \u00fcberholen. Peter fuhr den zweiten Platz mit konstantem Tempo nach Hause und der strahlende Sieger hie\u00df nach einer beeindruckenden Leistung in diesem turbulenten Rennen Claas.<\/p>\n<p>Damit erh\u00e4lt Claas die ersten 20 Punkte f\u00fcr den Sieg im neuen Punktesystem und \u00fcbernimmt vorerst die F\u00fchrung in der Meisterschaft. Peter sichert sich 17 Punkte f\u00fcr Platz Zwei und Olli bekommt verdiente 15 Punkte f\u00fcr den dritten Platz.<\/p>\n","protected":false},"excerpt":{"rendered":"<p>Nach einer sehr erfolgreichen Saison 18\/19 kehrten die Kart-Hornets einen Monat sp\u00e4ter, am 06.07.19, an den Ort zur\u00fcck, wo schon ein Jahr zuvor die neue Saison ihren Anfang nahm. Hochmotiviert, voller Tatendrang und mit einigen interessanten Neuerungen im Gep\u00e4ck reiste man ins niederl\u00e4ndische Oldenzaal: Mit Kai, Norman, Udo und Andreas F. griffen gleich vier neue &hellip; <a href=\"http:\/\/kart-hornets.de\/?page_id=590\" class=\"more-link\"><span class=\"screen-reader-text\">Rennbericht Oldenzaal 2019<\/span> weiterlesen <span class=\"meta-nav\">&rarr;<\/span><\/a><\/p>\n","protected":false},"author":1,"featured_media":0,"parent":0,"menu_order":0,"comment_status":"closed","ping_status":"closed","template":"","meta":{"jetpack_post_was_ever_published":false,"footnotes":""},"class_list":["post-590","page","type-page","status-publish","hentry"],"jetpack_sharing_enabled":true,"jetpack_shortlink":"https:\/\/wp.me\/PaboIV-9w","_links":{"self":[{"href":"http:\/\/kart-hornets.de\/index.php?rest_route=\/wp\/v2\/pages\/590","targetHints":{"allow":["GET"]}}],"collection":[{"href":"http:\/\/kart-hornets.de\/index.php?rest_route=\/wp\/v2\/pages"}],"about":[{"href":"http:\/\/kart-hornets.de\/index.php?rest_route=\/wp\/v2\/types\/page"}],"author":[{"embeddable":true,"href":"http:\/\/kart-hornets.de\/index.php?rest_route=\/wp\/v2\/users\/1"}],"replies":[{"embeddable":true,"href":"http:\/\/kart-hornets.de\/index.php?rest_route=%2Fwp%2Fv2%2Fcomments&post=590"}],"version-history":[{"count":1,"href":"http:\/\/kart-hornets.de\/index.php?rest_route=\/wp\/v2\/pages\/590\/revisions"}],"predecessor-version":[{"id":591,"href":"http:\/\/kart-hornets.de\/index.php?rest_route=\/wp\/v2\/pages\/590\/revisions\/591"}],"wp:attachment":[{"href":"http:\/\/kart-hornets.de\/index.php?rest_route=%2Fwp%2Fv2%2Fmedia&parent=590"}],"curies":[{"name":"wp","href":"https:\/\/api.w.org\/{rel}","templated":true}]}}

<p>Nach einer sehr erfolgreichen Saison 18/19 kehrten die Kart-Hornets einen Monat später, am 06.07.19, an den Ort zurück, wo schon ein Jahr zuvor die neue Saison ihren Anfang nahm. Hochmotiviert, voller Tatendrang und mit einigen interessanten Neuerungen im Gepäck reiste man ins niederländische Oldenzaal: Mit Kai, Norman, Udo und Andreas F. griffen gleich vier neue Fahrer erstmals für eine ganze Saison ins Lenkrad. Das angewachsene Fahrerfeld führte zudem zu einer Anpassung des Punktesystems, das nicht nur das Podium etwas mehr belohnt, sondern auch mehr Punkte an die hinteren Plätze verteilt, so dass sich auch regelmäßige Rennteilnahmen entscheidend auf die Meisterschaftssituation auswirken können.</p>
<p>Merklich angespannten begannen die Fahrer das erste Qualifying der neuen Saison. Noch herrschten warme und trockene Witterungsbedingungen. Somit wurde es auf der schnellen Strecken ein Qualifyingshowdown, bei dem alle Teilnehmer bis ans Limit getrieben wurden und es war Tobi, der sich denkbar knapp vor dem neuen und alten Meistertitelträger Peter, die erste Pole der neuen Saison sichern konnte. Nicht weit hinter dem Führungsduo lauerten Claas und Stephan auf den Plätzen Drei und Vier und auch Alex und Ralf auf den Plätzen Fünf und Sechs konnten sich mit ihren Zeiten noch zum erweiterten Favoritenkreis zählen.</p>
<p>Doch der Wettergott hatte anderes im Sinn und entschloss sich, die Karten neu zu mischen: In der standesgemäßen Pause zwischen Qualifying und Rennen in Oldenzaal setzte ein Regenguss ein, so dass das Rennen bei nasser Strecke, die auch bis zum Schluss nicht mehr abtrocknete, gefahren werden musste.<br />
Den ersten Rückschlag musste Alex hinnehmen, als er sich in Kurve Zwei drehte. Im weiteren Verlauf des Rennens verloren auch Andreas F. und Carsten die Kontrolle und wurden im wahrsten Sinne des Wortes ans Ende des Feldes gespült. Norman kämpfte sich nach einem frühen Fehler zurück und fuhr vor bis auf Platz Neun, den Udo auf Grund eines späten Drehers doch noch abgeben musste. Alex betrieb mit dem achten Platz Schadensbegrenzung, Ralf und Andi ordneten sich auf den Plätzen Sieben und Sechs ein. An der Spitze war es ein umkämpftes Rennen. Runde für Runde wurden die Fahrer aufs Neue vor die Herausforderung gestellt, sich am Limit zu bewegen und gleichzeitig die Kontrolle über ihr Fahrzeug zu behalten. Die Zweikampfführung war wegen der Witterungsbedingungen besonders schwierig und so war Mut und auch ein wenig Ellenbogeneinsatz erforderlich, um sich am Ende &#8211; trotz Regen &#8211; den Platz an der Sonne zu sichern. So wurde Tobi im Laufe des Rennens auf Platz Fünf durchgereicht, Stephan hielt seinen vierten Startplatz und Olli, der schon zwei Monate zuvor im Regen brillieren konnte, kämpfte sich von Startplatz Sieben bis aufs Podium. Peter fuhr zunächst die Ellenbogen gegen Tobi aus, um zwischenzeitlich die Führung zu übernehmen, musste aber Claas ziehen lassen, nachdem dieser zuvor eine Überrundung für sich nutzen konnte, um Tobi zu überholen. Peter fuhr den zweiten Platz mit konstantem Tempo nach Hause und der strahlende Sieger hieß nach einer beeindruckenden Leistung in diesem turbulenten Rennen Claas.</p>
<p>Damit erhält Claas die ersten 20 Punkte für den Sieg im neuen Punktesystem und übernimmt vorerst die Führung in der Meisterschaft. Peter sichert sich 17 Punkte für Platz Zwei und Olli bekommt verdiente 15 Punkte für den dritten Platz.</p>

<p>Nach einer sehr erfolgreichen Saison 18/19 kehrten die Kart-Hornets einen Monat später, am 06.07.19, an den Ort zurück, wo schon ein Jahr zuvor die neue Saison ihren Anfang nahm. Hochmotiviert, voller Tatendrang und mit einigen interessanten Neuerungen im Gepäck reiste man ins niederländische Oldenzaal: Mit Kai, Norman, Udo und Andreas F. griffen gleich vier neue &hellip; <a href="http://kart-hornets.de/?page_id=590" class="more-link"><span class="screen-reader-text">Rennbericht Oldenzaal 2019</span> weiterlesen <span class="meta-nav">&rarr;</span></a></p>
