{"id":6,"date":"2016-10-13T17:32:34","date_gmt":"2016-10-13T17:32:34","guid":{"rendered":"http:\/\/kart-hornets.de\/?page_id=6"},"modified":"2023-09-09T12:54:36","modified_gmt":"2023-09-09T12:54:36","slug":"www-kart-hornets-de","status":"publish","type":"page","link":"http:\/\/kart-hornets.de\/","title":{"rendered":"Wer sind die Kart-Hornets Osnabr\u00fcck?"},"content":{"rendered":"\n<p>Herzlich Willkommen auf der Homepage der Kart-Hornets Osnabr\u00fcck.<\/p>\n\n\n\n<p><br>Seit mittlerweile \u00fcber 20 Jahren &#8211; seit M\u00e4rz 2001 &#8211;  gehen wir an jedem ersten Samstag im Monat auf verschiedensten Kartbahnen im Umkreis von ca 200 Kilometern rundum Osnabr\u00fcck gemeinsam auf Rundenzeitenjagd und messen uns in packenden Rad an Rad Duellen in unserer ganz pers\u00f6nlichen Meisterschaft miteinander. <\/p>\n\n\n\n<p><br>W\u00e4hrend wir in unserer eigenen Meisterschaft als Einzelk\u00e4mpfer agieren, kommt aber auch der Teamaspekt und die Gemeinschaft nicht zu kurz: Bei mehrst\u00fcndigen Teamrennen treten wir gemeinsam als eine Einheit auf, unterst\u00fctzen uns gegenseitig, pushen uns zu neuen H\u00f6chstleistungen und pr\u00e4sentieren uns als eine geschlossene Mannschaft.<\/p>\n\n\n\n<p><br>Denn bei allem Ehrgeiz f\u00fcr die Sache sind wir eben nicht nur Konkurrenten in den Einzelrennen oder Mannschaftskameraden bei den Teamrennen, sondern vor allem eins: Freunde<\/p>\n\n\n\n<p><br>Freunde, die nicht nur gemeinsam ihre Leidenschaft ausleben, sondern auch zusammen leiden und gemeinsam feiern. Wir sind stolz auf das, was wir in den vergangenen 20 Jahren aufgebaut haben. Mit Stolz pr\u00e4sentieren wir unser Logo, unsere Farben und unsere Marke nach au\u00dfen: Benzin im Blut, Blei im Gasfu\u00df und das Herz auf der Zunge &#8211; Das sind die Kart-Hornets Osnabr\u00fcck!<\/p>\n\n\n\n<p><br>Das klingt spannend und du hast Interesse daran, unsere Gemeinschaft zu erg\u00e4nzen? Melde dich gern bei unserem Pr\u00e4si Stephan, mit dessen Vision unsere Geschichte vor mehr als 20 Jahren ihren Anfang nahm unter Kart-Hornets@gmx.de oder folgt uns gern auf Social Media:<br>Instagram: karthornets<\/p>\n","protected":false},"excerpt":{"rendered":"<p>Herzlich Willkommen auf der Homepage der Kart-Hornets Osnabr\u00fcck. Seit mittlerweile \u00fcber 20 Jahren &#8211; seit M\u00e4rz 2001 &#8211; gehen wir an jedem ersten Samstag im Monat auf verschiedensten Kartbahnen im Umkreis von ca 200 Kilometern rundum Osnabr\u00fcck gemeinsam auf Rundenzeitenjagd und messen uns in packenden Rad an Rad Duellen in unserer ganz pers\u00f6nlichen Meisterschaft miteinander. &hellip; <a href=\"http:\/\/kart-hornets.de\/\" class=\"more-link\"><span class=\"screen-reader-text\">Wer sind die Kart-Hornets Osnabr\u00fcck?<\/span> weiterlesen <span class=\"meta-nav\">&rarr;<\/span><\/a><\/p>\n","protected":false},"author":1,"featured_media":0,"parent":0,"menu_order":0,"comment_status":"closed","ping_status":"closed","template":"","meta":{"jetpack_post_was_ever_published":false,"footnotes":""},"class_list":["post-6","page","type-page","status-publish","hentry"],"jetpack_sharing_enabled":true,"jetpack_shortlink":"https:\/\/wp.me\/PaboIV-6","_links":{"self":[{"href":"http:\/\/kart-hornets.de\/index.php?rest_route=\/wp\/v2\/pages\/6","targetHints":{"allow":["GET"]}}],"collection":[{"href":"http:\/\/kart-hornets.de\/index.php?rest_route=\/wp\/v2\/pages"}],"about":[{"href":"http:\/\/kart-hornets.de\/index.php?rest_route=\/wp\/v2\/types\/page"}],"author":[{"embeddable":true,"href":"http:\/\/kart-hornets.de\/index.php?rest_route=\/wp\/v2\/users\/1"}],"replies":[{"embeddable":true,"href":"http:\/\/kart-hornets.de\/index.php?rest_route=%2Fwp%2Fv2%2Fcomments&post=6"}],"version-history":[{"count":15,"href":"http:\/\/kart-hornets.de\/index.php?rest_route=\/wp\/v2\/pages\/6\/revisions"}],"predecessor-version":[{"id":952,"href":"http:\/\/kart-hornets.de\/index.php?rest_route=\/wp\/v2\/pages\/6\/revisions\/952"}],"wp:attachment":[{"href":"http:\/\/kart-hornets.de\/index.php?rest_route=%2Fwp%2Fv2%2Fmedia&parent=6"}],"curies":[{"name":"wp","href":"https:\/\/api.w.org\/{rel}","templated":true}]}}

Wer sind die Kart-Hornets Osnabrück?

<p>Herzlich Willkommen auf der Homepage der Kart-Hornets Osnabrück.</p>



<p><br>Seit mittlerweile über 20 Jahren &#8211; seit März 2001 &#8211;  gehen wir an jedem ersten Samstag im Monat auf verschiedensten Kartbahnen im Umkreis von ca 200 Kilometern rundum Osnabrück gemeinsam auf Rundenzeitenjagd und messen uns in packenden Rad an Rad Duellen in unserer ganz persönlichen Meisterschaft miteinander. </p>



<p><br>Während wir in unserer eigenen Meisterschaft als Einzelkämpfer agieren, kommt aber auch der Teamaspekt und die Gemeinschaft nicht zu kurz: Bei mehrstündigen Teamrennen treten wir gemeinsam als eine Einheit auf, unterstützen uns gegenseitig, pushen uns zu neuen Höchstleistungen und präsentieren uns als eine geschlossene Mannschaft.</p>



<p><br>Denn bei allem Ehrgeiz für die Sache sind wir eben nicht nur Konkurrenten in den Einzelrennen oder Mannschaftskameraden bei den Teamrennen, sondern vor allem eins: Freunde</p>



<p><br>Freunde, die nicht nur gemeinsam ihre Leidenschaft ausleben, sondern auch zusammen leiden und gemeinsam feiern. Wir sind stolz auf das, was wir in den vergangenen 20 Jahren aufgebaut haben. Mit Stolz präsentieren wir unser Logo, unsere Farben und unsere Marke nach außen: Benzin im Blut, Blei im Gasfuß und das Herz auf der Zunge &#8211; Das sind die Kart-Hornets Osnabrück!</p>



<p><br>Das klingt spannend und du hast Interesse daran, unsere Gemeinschaft zu ergänzen? Melde dich gern bei unserem Präsi Stephan, mit dessen Vision unsere Geschichte vor mehr als 20 Jahren ihren Anfang nahm unter Kart-Hornets@gmx.de oder folgt uns gern auf Social Media:<br>Instagram: karthornets</p>

<p>Herzlich Willkommen auf der Homepage der Kart-Hornets Osnabrück. Seit mittlerweile über 20 Jahren &#8211; seit März 2001 &#8211; gehen wir an jedem ersten Samstag im Monat auf verschiedensten Kartbahnen im Umkreis von ca 200 Kilometern rundum Osnabrück gemeinsam auf Rundenzeitenjagd und messen uns in packenden Rad an Rad Duellen in unserer ganz persönlichen Meisterschaft miteinander. &hellip; <a href="http://kart-hornets.de/" class="more-link"><span class="screen-reader-text">Wer sind die Kart-Hornets Osnabrück?</span> weiterlesen <span class="meta-nav">&rarr;</span></a></p>
