{"id":667,"date":"2020-07-03T18:51:15","date_gmt":"2020-07-03T18:51:15","guid":{"rendered":"http:\/\/kart-hornets.de\/?page_id=667"},"modified":"2020-07-03T18:51:15","modified_gmt":"2020-07-03T18:51:15","slug":"kirchlengern-corona-2020","status":"publish","type":"page","link":"http:\/\/kart-hornets.de\/?page_id=667","title":{"rendered":"Kirchlengern (Corona) 2020"},"content":{"rendered":"<p>Anders als man es sich zuvor vorgestellt hatte, sollte auch die Schlussphase der Kart-Hornets Saison 19\/20 im Schatten von Corona stehen. Nach ihrem M\u00e4rzrennen in Kirchlengern konnten sowohl das Aprilrennen als auch das Mairennen nicht zu den vorher angedachten Terminen stattfinden. Es dauerte zweieinhalb Monate bis zum 16. Mai, ehe man die Strecke wieder unsicher machen konnte &#8211; gerade noch rechtzeitig, um die Saison mit einem strammen Abschlussprogramm wie geplant am 06.06. enden lassen zu k\u00f6nnen und aus organisatorischen Gr\u00fcnden fand man sich dort ein, wo man zuletzt aufgeh\u00f6rt hatte: in Kirchlengern. Bei herrlichstem Wetter bot die Strecke heute zwar keinen erh\u00f6hten Schwierigkeitsgrad durch feuchte Stellen auf dem Asphalt, die Atmosph\u00e4re war dennoch angespannt, da bei allen Fahrern eine besondere Stimmung vor den finalen drei Rennen herrschte: Stephan hatte in der Meisterschaft nach seinem Sieg vor zweieinhalb Monaten mit 13 Punkten Vorsprung auf Peter alle Tr\u00fcmpfe in der Hand, der Verfolger w\u00fcrde jedoch alles daran setzen, das Unm\u00f6gliche doch noch m\u00f6glich zu machen.<\/p>\n<p>Im Qualifying wurde deutlich, dass die l\u00e4ngere Pause keinem geschadet hat: Die ersten Sechs bestehend aus Frank, Andreas H., Peter, Stephan Z., Stefan K. und Alex trennten gerade einmal zweieinhalb Zehntel, Frank verwies Andreas H. mit einem Vorsprung von lediglich drei Tausendsteln auf Platz Zwei. Und auch in der zweiten H\u00e4lfte des Grids ging es mit nur ein wenig Abstand mehr umk\u00e4mpft zu: Claas sicherte sich den siebten Platz vor Kai und Norman, Tobi komplettierte die Top Ten vor Olli und Udo.<\/p>\n<p>Am Start verteidigten die ersten F\u00fcnf ihre Positionen, dahinter konnte Claas \u00fcber au\u00dfen an Alex vorbeiziehen. Unter Druck von Norman, der Kai in der Startphase knacken konnte, behielt er jedoch erstmal den siebten Rang. In der Anfangsphase des Rennens bef\u00f6rderte ein Zwischenfall zwischen Kai und Tobi ersteren ans Ende des Feldes, an der Spitze hatte Andreas sich Frank fr\u00fch zurecht gelegt und \u00fcberholte ihn souver\u00e4n. Kai, der viel Boden verloren hatte, versuchte sich an einer Aufholjagd mit passablem Ergebnis: Er fand den Anschluss zur\u00fcck ans Feld, kassierte Udo und Olli und stie\u00df somit noch zur\u00fcck unter die ersten Zehn. Tobi fuhr das Rennen auf Rang Neun nach Hause, w\u00e4hrend davor eine interessante Konstellation entstand: Die in Folge der Anfangsphase entstandenen L\u00fccken schlossen sich mehr und mehr. Warum? Stephan hatte alle H\u00e4nde voll zu tun seinen vierten Platz gegen Stefan K. zu verteidigen. Der F\u00fcnftplatzierte wurde im Verlauf des Rennens sichtbar schneller, doch Stephan konnte die \u00dcberholversuche seines Konkurrenten immer wieder abwehren. Der langwierige Zweikampf brachte jedoch Claas n\u00e4her an das Duo heran, dahinter legten Alex und Norman sogar noch eine Schippe drauf, was das Renntempo anging, so dass kurz vor Schluss beinahe ein F\u00fcnfkampf entstanden w\u00e4re, ehe das Rennen zur gro\u00dfen Erleichterung von Stephan abgewunken wurde. Davor fuhr Peter ein unspektakul\u00e4res Rennen auf dem dritten Platz, Frank wurde Zweiter und Andreas H., der mit den Worten &#8222;Ich will heute einfach mal wieder zum Spa\u00df ein bisschen Kart fahren.&#8220; nach Kirchlengern gereist war, lie\u00df sich den Sieg nicht mehr nehmen.<\/p>\n<p>In kleinen, vielleicht zu kleinen Schritten n\u00e4hert sich Peter noch einmal der Spitze: Er verk\u00fcrzt den R\u00fcckstand auf Stephan zwei Rennen vor Schluss auf elf Punkte. Claas, der das Rennen vor Alex beendete, kann seinen dritten Platz ein klein wenig festigen.<\/p>\n","protected":false},"excerpt":{"rendered":"<p>Anders als man es sich zuvor vorgestellt hatte, sollte auch die Schlussphase der Kart-Hornets Saison 19\/20 im Schatten von Corona stehen. Nach ihrem M\u00e4rzrennen in Kirchlengern konnten sowohl das Aprilrennen als auch das Mairennen nicht zu den vorher angedachten Terminen stattfinden. Es dauerte zweieinhalb Monate bis zum 16. Mai, ehe man die Strecke wieder unsicher &hellip; <a href=\"http:\/\/kart-hornets.de\/?page_id=667\" class=\"more-link\"><span class=\"screen-reader-text\">Kirchlengern (Corona) 2020<\/span> weiterlesen <span class=\"meta-nav\">&rarr;<\/span><\/a><\/p>\n","protected":false},"author":1,"featured_media":0,"parent":0,"menu_order":0,"comment_status":"closed","ping_status":"closed","template":"","meta":{"jetpack_post_was_ever_published":false,"footnotes":""},"class_list":["post-667","page","type-page","status-publish","hentry"],"jetpack_sharing_enabled":true,"jetpack_shortlink":"https:\/\/wp.me\/PaboIV-aL","_links":{"self":[{"href":"http:\/\/kart-hornets.de\/index.php?rest_route=\/wp\/v2\/pages\/667","targetHints":{"allow":["GET"]}}],"collection":[{"href":"http:\/\/kart-hornets.de\/index.php?rest_route=\/wp\/v2\/pages"}],"about":[{"href":"http:\/\/kart-hornets.de\/index.php?rest_route=\/wp\/v2\/types\/page"}],"author":[{"embeddable":true,"href":"http:\/\/kart-hornets.de\/index.php?rest_route=\/wp\/v2\/users\/1"}],"replies":[{"embeddable":true,"href":"http:\/\/kart-hornets.de\/index.php?rest_route=%2Fwp%2Fv2%2Fcomments&post=667"}],"version-history":[{"count":1,"href":"http:\/\/kart-hornets.de\/index.php?rest_route=\/wp\/v2\/pages\/667\/revisions"}],"predecessor-version":[{"id":668,"href":"http:\/\/kart-hornets.de\/index.php?rest_route=\/wp\/v2\/pages\/667\/revisions\/668"}],"wp:attachment":[{"href":"http:\/\/kart-hornets.de\/index.php?rest_route=%2Fwp%2Fv2%2Fmedia&parent=667"}],"curies":[{"name":"wp","href":"https:\/\/api.w.org\/{rel}","templated":true}]}}

<p>Anders als man es sich zuvor vorgestellt hatte, sollte auch die Schlussphase der Kart-Hornets Saison 19/20 im Schatten von Corona stehen. Nach ihrem Märzrennen in Kirchlengern konnten sowohl das Aprilrennen als auch das Mairennen nicht zu den vorher angedachten Terminen stattfinden. Es dauerte zweieinhalb Monate bis zum 16. Mai, ehe man die Strecke wieder unsicher machen konnte &#8211; gerade noch rechtzeitig, um die Saison mit einem strammen Abschlussprogramm wie geplant am 06.06. enden lassen zu können und aus organisatorischen Gründen fand man sich dort ein, wo man zuletzt aufgehört hatte: in Kirchlengern. Bei herrlichstem Wetter bot die Strecke heute zwar keinen erhöhten Schwierigkeitsgrad durch feuchte Stellen auf dem Asphalt, die Atmosphäre war dennoch angespannt, da bei allen Fahrern eine besondere Stimmung vor den finalen drei Rennen herrschte: Stephan hatte in der Meisterschaft nach seinem Sieg vor zweieinhalb Monaten mit 13 Punkten Vorsprung auf Peter alle Trümpfe in der Hand, der Verfolger würde jedoch alles daran setzen, das Unmögliche doch noch möglich zu machen.</p>
<p>Im Qualifying wurde deutlich, dass die längere Pause keinem geschadet hat: Die ersten Sechs bestehend aus Frank, Andreas H., Peter, Stephan Z., Stefan K. und Alex trennten gerade einmal zweieinhalb Zehntel, Frank verwies Andreas H. mit einem Vorsprung von lediglich drei Tausendsteln auf Platz Zwei. Und auch in der zweiten Hälfte des Grids ging es mit nur ein wenig Abstand mehr umkämpft zu: Claas sicherte sich den siebten Platz vor Kai und Norman, Tobi komplettierte die Top Ten vor Olli und Udo.</p>
<p>Am Start verteidigten die ersten Fünf ihre Positionen, dahinter konnte Claas über außen an Alex vorbeiziehen. Unter Druck von Norman, der Kai in der Startphase knacken konnte, behielt er jedoch erstmal den siebten Rang. In der Anfangsphase des Rennens beförderte ein Zwischenfall zwischen Kai und Tobi ersteren ans Ende des Feldes, an der Spitze hatte Andreas sich Frank früh zurecht gelegt und überholte ihn souverän. Kai, der viel Boden verloren hatte, versuchte sich an einer Aufholjagd mit passablem Ergebnis: Er fand den Anschluss zurück ans Feld, kassierte Udo und Olli und stieß somit noch zurück unter die ersten Zehn. Tobi fuhr das Rennen auf Rang Neun nach Hause, während davor eine interessante Konstellation entstand: Die in Folge der Anfangsphase entstandenen Lücken schlossen sich mehr und mehr. Warum? Stephan hatte alle Hände voll zu tun seinen vierten Platz gegen Stefan K. zu verteidigen. Der Fünftplatzierte wurde im Verlauf des Rennens sichtbar schneller, doch Stephan konnte die Überholversuche seines Konkurrenten immer wieder abwehren. Der langwierige Zweikampf brachte jedoch Claas näher an das Duo heran, dahinter legten Alex und Norman sogar noch eine Schippe drauf, was das Renntempo anging, so dass kurz vor Schluss beinahe ein Fünfkampf entstanden wäre, ehe das Rennen zur großen Erleichterung von Stephan abgewunken wurde. Davor fuhr Peter ein unspektakuläres Rennen auf dem dritten Platz, Frank wurde Zweiter und Andreas H., der mit den Worten &#8222;Ich will heute einfach mal wieder zum Spaß ein bisschen Kart fahren.&#8220; nach Kirchlengern gereist war, ließ sich den Sieg nicht mehr nehmen.</p>
<p>In kleinen, vielleicht zu kleinen Schritten nähert sich Peter noch einmal der Spitze: Er verkürzt den Rückstand auf Stephan zwei Rennen vor Schluss auf elf Punkte. Claas, der das Rennen vor Alex beendete, kann seinen dritten Platz ein klein wenig festigen.</p>

<p>Anders als man es sich zuvor vorgestellt hatte, sollte auch die Schlussphase der Kart-Hornets Saison 19/20 im Schatten von Corona stehen. Nach ihrem Märzrennen in Kirchlengern konnten sowohl das Aprilrennen als auch das Mairennen nicht zu den vorher angedachten Terminen stattfinden. Es dauerte zweieinhalb Monate bis zum 16. Mai, ehe man die Strecke wieder unsicher &hellip; <a href="http://kart-hornets.de/?page_id=667" class="more-link"><span class="screen-reader-text">Kirchlengern (Corona) 2020</span> weiterlesen <span class="meta-nav">&rarr;</span></a></p>
