{"id":671,"date":"2020-07-03T18:56:08","date_gmt":"2020-07-03T18:56:08","guid":{"rendered":"http:\/\/kart-hornets.de\/?page_id=671"},"modified":"2020-07-03T18:56:08","modified_gmt":"2020-07-03T18:56:08","slug":"greven-saisonfinale-2020","status":"publish","type":"page","link":"http:\/\/kart-hornets.de\/?page_id=671","title":{"rendered":"Greven Saisonfinale 2020"},"content":{"rendered":"<p>Trotz Corona konnte der Tag der Entscheidung f\u00fcr die Kart-Hornets wie geplant am 06.06. \u00fcber die B\u00fchne gehen. Es gab noch einige Meisterschaftsentscheidungen zu f\u00e4llen, allen voran der Kampf und den Sieg zwischen Stephan und Peter sowie der Kampf um Platz Drei zwischen Claas und Alex und auch Norman hatte auf seiner Paradestrecke noch Au\u00dfenseiterchancen auf das Treppchen. Obwohl der Au\u00dfenbereich ge\u00f6ffnet wurde war klar: Das Qualifying w\u00fcrde auf Grund der \u00fcberschaubaren \u00dcberholm\u00f6glichkeiten entscheidend sein.<\/p>\n<p>Schlag ins Gesicht f\u00fcr diejenigen, die sich viel vorgenommen hatten: Frank positionierte sein Kart auf Startplatz Eins vor Kai und Peter. Norman wurde Vierter vor Stephan. Dahinter lauerten Zwei, denen die Situation bekannt vorkam: Alex und Olli. Udo belegte Platz Acht vor Stefan K., der als einziger mit einem kalten Kart ins Rennen ging. Claas musste sich vorerst mit Platz Zehn zufrieden und konnte damit nur Tobi hinter sich lassen.<\/p>\n<p>Der fliegende Start machte das \u00dcberholen am Start schwieriger. Somit gab es vorerst keine Ver\u00e4nderungen und es stellte sich eine erstaunlich k\u00fchle Stimmung ein. Jeder wusste: Wenn hier nichts Verr\u00fccktes mehr passierte, w\u00e4ren die Pl\u00e4tze bezogen. Aber wenn das W\u00f6rtchen &#8222;wenn&#8220; nicht w\u00e4re: Nach einer ruhigen Anfangsphase, drehte sich Kai an der schwierigsten Stelle der Strecke: beim Anbremsen zur Einfahrt in die Halle. Das querstehende Kart sorgte auf der engen Strecke f\u00fcr Chaos. Peter hatte Gl\u00fcck, dass er durchschl\u00fcpfen konnte, ebenso hatte Stephan das Gl\u00fcck auf seiner Seite, da er wegen dieses Zwischenfalls an Norman vorbeigehen konnte. Alex gewann den Platz gegen Kai, verlor aber gleichzeitig eine Position gegen Olli, den wichtigen sechsten Platz behielt er aber vor Udo, der nun das einzige Kart zwischen ihm und Claas war, der ebenfalls merklich profitiert hatte. Kai kehrte auf Platz Neun ins Renngeschehen zur\u00fcck vor Tobi und Stefan K., der an seinem Vordermann keinen Weg mehr vorbeifinden sollte. Geschockt von der Situation wurde Alex fehleranf\u00e4llig. Mit M\u00fche behauptete er den sechsten Platz vor Udo, der seinerseits Claas hinter sich hatte. Ein Platztausch auf der Strecke w\u00fcrde zudem einen Platztausch in der Meisterschaft bedeuten. Erst als Kai den vor ihm fahrenden Claas wieder einholte und dieser sich folglich verteidigen musste, lie\u00df der Druck auf Udo nach. Alex fing sich und setzte sich ein wenig ab, davor konnte Olli einen entspannten f\u00fcnften Platz nach Hause cruisen. Eine \u00e4hnliche Situation ergab sich vorne: Norman fand keinen Weg an Stephan vorbei, der sich auf dem dritten Platz liegend keine Beruhigungstablette einverleiben musste. Peter biss sich ebenso die Z\u00e4hne am sichtbar langsameren Frank aus. Doch er akzeptierte, dass es hier und heute kein Vorbeikommen mehr gab.<\/p>\n<p>Alex erobert mit diesem Ergebnis mit einem Punkt Vorsprung auf den letzten Metern Platz Drei von Claas zur\u00fcck, an der Spitze sind zwei weitere Punkte, die Peter vom R\u00fcckstand abknabbern kann, nicht genug, um Stephan doch noch gef\u00e4hrlich zu werden. Damit unterbricht Stephan die Siegesserie von Peter und k\u00fcrt sich in der Saison 19\/20 zum neuen verdienten Meister der Kart-Hornets!<\/p>\n","protected":false},"excerpt":{"rendered":"<p>Trotz Corona konnte der Tag der Entscheidung f\u00fcr die Kart-Hornets wie geplant am 06.06. \u00fcber die B\u00fchne gehen. Es gab noch einige Meisterschaftsentscheidungen zu f\u00e4llen, allen voran der Kampf und den Sieg zwischen Stephan und Peter sowie der Kampf um Platz Drei zwischen Claas und Alex und auch Norman hatte auf seiner Paradestrecke noch Au\u00dfenseiterchancen &hellip; <a href=\"http:\/\/kart-hornets.de\/?page_id=671\" class=\"more-link\"><span class=\"screen-reader-text\">Greven Saisonfinale 2020<\/span> weiterlesen <span class=\"meta-nav\">&rarr;<\/span><\/a><\/p>\n","protected":false},"author":1,"featured_media":0,"parent":0,"menu_order":0,"comment_status":"closed","ping_status":"closed","template":"","meta":{"jetpack_post_was_ever_published":false,"footnotes":""},"class_list":["post-671","page","type-page","status-publish","hentry"],"jetpack_sharing_enabled":true,"jetpack_shortlink":"https:\/\/wp.me\/PaboIV-aP","_links":{"self":[{"href":"http:\/\/kart-hornets.de\/index.php?rest_route=\/wp\/v2\/pages\/671","targetHints":{"allow":["GET"]}}],"collection":[{"href":"http:\/\/kart-hornets.de\/index.php?rest_route=\/wp\/v2\/pages"}],"about":[{"href":"http:\/\/kart-hornets.de\/index.php?rest_route=\/wp\/v2\/types\/page"}],"author":[{"embeddable":true,"href":"http:\/\/kart-hornets.de\/index.php?rest_route=\/wp\/v2\/users\/1"}],"replies":[{"embeddable":true,"href":"http:\/\/kart-hornets.de\/index.php?rest_route=%2Fwp%2Fv2%2Fcomments&post=671"}],"version-history":[{"count":1,"href":"http:\/\/kart-hornets.de\/index.php?rest_route=\/wp\/v2\/pages\/671\/revisions"}],"predecessor-version":[{"id":672,"href":"http:\/\/kart-hornets.de\/index.php?rest_route=\/wp\/v2\/pages\/671\/revisions\/672"}],"wp:attachment":[{"href":"http:\/\/kart-hornets.de\/index.php?rest_route=%2Fwp%2Fv2%2Fmedia&parent=671"}],"curies":[{"name":"wp","href":"https:\/\/api.w.org\/{rel}","templated":true}]}}

<p>Trotz Corona konnte der Tag der Entscheidung für die Kart-Hornets wie geplant am 06.06. über die Bühne gehen. Es gab noch einige Meisterschaftsentscheidungen zu fällen, allen voran der Kampf und den Sieg zwischen Stephan und Peter sowie der Kampf um Platz Drei zwischen Claas und Alex und auch Norman hatte auf seiner Paradestrecke noch Außenseiterchancen auf das Treppchen. Obwohl der Außenbereich geöffnet wurde war klar: Das Qualifying würde auf Grund der überschaubaren Überholmöglichkeiten entscheidend sein.</p>
<p>Schlag ins Gesicht für diejenigen, die sich viel vorgenommen hatten: Frank positionierte sein Kart auf Startplatz Eins vor Kai und Peter. Norman wurde Vierter vor Stephan. Dahinter lauerten Zwei, denen die Situation bekannt vorkam: Alex und Olli. Udo belegte Platz Acht vor Stefan K., der als einziger mit einem kalten Kart ins Rennen ging. Claas musste sich vorerst mit Platz Zehn zufrieden und konnte damit nur Tobi hinter sich lassen.</p>
<p>Der fliegende Start machte das Überholen am Start schwieriger. Somit gab es vorerst keine Veränderungen und es stellte sich eine erstaunlich kühle Stimmung ein. Jeder wusste: Wenn hier nichts Verrücktes mehr passierte, wären die Plätze bezogen. Aber wenn das Wörtchen &#8222;wenn&#8220; nicht wäre: Nach einer ruhigen Anfangsphase, drehte sich Kai an der schwierigsten Stelle der Strecke: beim Anbremsen zur Einfahrt in die Halle. Das querstehende Kart sorgte auf der engen Strecke für Chaos. Peter hatte Glück, dass er durchschlüpfen konnte, ebenso hatte Stephan das Glück auf seiner Seite, da er wegen dieses Zwischenfalls an Norman vorbeigehen konnte. Alex gewann den Platz gegen Kai, verlor aber gleichzeitig eine Position gegen Olli, den wichtigen sechsten Platz behielt er aber vor Udo, der nun das einzige Kart zwischen ihm und Claas war, der ebenfalls merklich profitiert hatte. Kai kehrte auf Platz Neun ins Renngeschehen zurück vor Tobi und Stefan K., der an seinem Vordermann keinen Weg mehr vorbeifinden sollte. Geschockt von der Situation wurde Alex fehleranfällig. Mit Mühe behauptete er den sechsten Platz vor Udo, der seinerseits Claas hinter sich hatte. Ein Platztausch auf der Strecke würde zudem einen Platztausch in der Meisterschaft bedeuten. Erst als Kai den vor ihm fahrenden Claas wieder einholte und dieser sich folglich verteidigen musste, ließ der Druck auf Udo nach. Alex fing sich und setzte sich ein wenig ab, davor konnte Olli einen entspannten fünften Platz nach Hause cruisen. Eine ähnliche Situation ergab sich vorne: Norman fand keinen Weg an Stephan vorbei, der sich auf dem dritten Platz liegend keine Beruhigungstablette einverleiben musste. Peter biss sich ebenso die Zähne am sichtbar langsameren Frank aus. Doch er akzeptierte, dass es hier und heute kein Vorbeikommen mehr gab.</p>
<p>Alex erobert mit diesem Ergebnis mit einem Punkt Vorsprung auf den letzten Metern Platz Drei von Claas zurück, an der Spitze sind zwei weitere Punkte, die Peter vom Rückstand abknabbern kann, nicht genug, um Stephan doch noch gefährlich zu werden. Damit unterbricht Stephan die Siegesserie von Peter und kürt sich in der Saison 19/20 zum neuen verdienten Meister der Kart-Hornets!</p>

<p>Trotz Corona konnte der Tag der Entscheidung für die Kart-Hornets wie geplant am 06.06. über die Bühne gehen. Es gab noch einige Meisterschaftsentscheidungen zu fällen, allen voran der Kampf und den Sieg zwischen Stephan und Peter sowie der Kampf um Platz Drei zwischen Claas und Alex und auch Norman hatte auf seiner Paradestrecke noch Außenseiterchancen &hellip; <a href="http://kart-hornets.de/?page_id=671" class="more-link"><span class="screen-reader-text">Greven Saisonfinale 2020</span> weiterlesen <span class="meta-nav">&rarr;</span></a></p>
