{"id":709,"date":"2020-12-17T17:24:01","date_gmt":"2020-12-17T17:24:01","guid":{"rendered":"http:\/\/kart-hornets.de\/?page_id=709"},"modified":"2020-12-17T17:24:01","modified_gmt":"2020-12-17T17:24:01","slug":"lueneburg-oktober-2020","status":"publish","type":"page","link":"http:\/\/kart-hornets.de\/?page_id=709","title":{"rendered":"L\u00fcneburg Oktober 2020"},"content":{"rendered":"<p>Der 03.10.20 war nicht nur ein Feiertag, sondern sollte auch der n\u00e4chste &#8222;Raceday&#8220; der Kart-Hornets in ihrer laufenden Saison 20\/21 werden. Zu diesem Zeitpunkt ahnte noch keiner, dass sie auf Grund einer stark erh\u00f6hten Zahl an Neuinfizierten mit dem Coronavirus in den n\u00e4chsten Wochen und Monaten zum letzten Mal im laufenden Kalenderjahr ins Lenkrad greifen w\u00fcrden. Dementsprechend war die Stimmung gut, als die Fahrer zu ihrer Premiere im weit entfernten L\u00fcneburg anreisten: eine Strecke, die f\u00fcr ihr hohes Tempo und zahlreiche \u00dcberholm\u00f6glichkeiten bekannt war.<\/p>\n<p>Anders als sonst hatte das Qualifying heute ein besonderes Spannungselement parat: Mit Ausnahme von Stefan K. war die Strecke Neuland f\u00fcr alle Beteiligten. Somit wurde es besonders interessant, zu beobachten, wer sich am schnellsten an die neue Strecke gew\u00f6hnt, um sich in der Startaufstellung einen Vorteil gegen\u00fcber der Konkurrenz zu verschaffen und es war eben fast erwartungsgem\u00e4\u00df jener Stefan K., der sein Kart auch an der Spitze des Feldes platzierte. Kai und Ralf lauerten nur knapp dahinter, Alex distanzierte mit seinem vierten Startplatz Claas und Peter von sich, der wiederum die Oberhand gegen\u00fcber Stephan und Mahmut, einem heutigen Gastfahrer, behielt. Udo und Christian gingen von den Pl\u00e4tzen Neun und Zehn ins Rennen. Die in Anspruchnahme eines Kartwechsels bef\u00f6rderte Norman auf die elfte und Tobi auf die zw\u00f6lfte Startposition.<\/p>\n<p>&#8222;Vorne Pfui, hinten Hui&#8220; w\u00e4re m\u00f6glicherweise eine angebrachte \u00dcberschrift f\u00fcr den Rennverlauf. Nach einer eher unterk\u00fchlten Startphase zeigte die Strecke dann, was sie ausmachte: auf der einen Seite einen hohen Vollgasanteil und damit wenige Chancen, sich fahrerisch einen Vorteil zu verschaffen, gepaart mit einem sp\u00fcrbaren Windschatten, der f\u00fcr reichlich \u00dcberholaction sowie ein enges Rennen sorgen sollte, auf der anderen Seite aber auch merkliche Unterschiede bei der Leistungsf\u00e4higkeit der Karts. Somit sollte sich der Kartwechsel sowohl f\u00fcr Norman als auch f\u00fcr den Meisterschaftsleader Tobi auszahlen, die jetzt durchaus die Mittel hatten, ihre Vorderm\u00e4nner zu attackieren. Um Platz F\u00fcnf sollte es bis zum Schluss eng zugehen: Zu Beginn des Rennens hie\u00dfen die Protagonisten im Kampf um Platz F\u00fcnf Claas und Peter, die Duelle luden aber auch die Konkurrenten ein, mitzumischen. Die Augen zwar nach vorne gerichtet, musste Peter dennoch stets mit einer Attacke vom hinter ihm positionierten Stephan rechnen. Einige Fehler bef\u00f6rderten Mahmut ans Ende des Feldes und Udo zog im Kampf um Platz Zehn gegen Christian den K\u00fcrzeren. Norman und Tobi orientierten sich ebenfalls nach vorne und schalteten in den Angriffsmodus. Peter missgl\u00fcckte erst gegen Ende der Spagat zwischen Angriff und Verteidigung, so dass f\u00fcr ihn am Ende nur Platz Neun blieb, f\u00fcr Norman ging es nach dem Kartwechsel immerhin drei Pl\u00e4tze nach vorne. Auch wenn die Fahrer um ihn herum eifrig die Pl\u00e4tze tauschten, kam der amtierende Champion Stephan mit Platz Sieben dort ins Ziel, wo er losgefahren war. Claas wurde Sechster hinter Tobi, der im Meisterschaftskampf die Ellenbogen ausfuhr und sich so noch Platz F\u00fcnf sicherte.<br \/>\nAn der Spitze gab es ebenso einen Kartwechsel: Ein technischer Defekt zwang Stefan K. vor Rennstart, in ein anderes Kart als das, das ihm zur Pole Position verhalf, zu steigen. Das kalte Kart machte sich bemerkbar und er lie\u00df am Start Federn gegen Kai und Ralf. Alex konnte ihn zu Beginn des Rennens ebenfalls unter Druck setzen. Doch je l\u00e4nger das Rennen dauerte, desto mehr Betriebstemperatur bekam sein Gef\u00e4hrt und lie\u00df ihn an sein Tempo aus der Qualifikation ankn\u00fcpfen. Das Spitzenduo war zu diesem Zeitpunkt jedoch schon unerreichbar: Ralf wurde Zweiter, ohne dabei aber den fliegenden &#8211; anders als in Oldenzaal dieses Mal nicht w\u00f6rtlich gemeint &#8211; Kai davon abhalten zu k\u00f6nnen, einem dominanten Sieg, der zu keinem Zeitpunkt gef\u00e4hrdet war, entgegen zu fahren.<\/p>\n<p>Tobi erh\u00f6ht damit sein Punktepolster gegen\u00fcber dem amtierenden Meister und Pr\u00e4si Stephan auf 10 Punkte. Mit seinem Sieg verdr\u00e4ngt Kai Olli von Platz Drei und hat seinerseits 8 Punkte R\u00fcckstand auf den Zweitplatzierten.<\/p>\n","protected":false},"excerpt":{"rendered":"<p>Der 03.10.20 war nicht nur ein Feiertag, sondern sollte auch der n\u00e4chste &#8222;Raceday&#8220; der Kart-Hornets in ihrer laufenden Saison 20\/21 werden. Zu diesem Zeitpunkt ahnte noch keiner, dass sie auf Grund einer stark erh\u00f6hten Zahl an Neuinfizierten mit dem Coronavirus in den n\u00e4chsten Wochen und Monaten zum letzten Mal im laufenden Kalenderjahr ins Lenkrad greifen &hellip; <a href=\"http:\/\/kart-hornets.de\/?page_id=709\" class=\"more-link\"><span class=\"screen-reader-text\">L\u00fcneburg Oktober 2020<\/span> weiterlesen <span class=\"meta-nav\">&rarr;<\/span><\/a><\/p>\n","protected":false},"author":1,"featured_media":0,"parent":0,"menu_order":0,"comment_status":"closed","ping_status":"closed","template":"","meta":{"jetpack_post_was_ever_published":false,"footnotes":""},"class_list":["post-709","page","type-page","status-publish","hentry"],"jetpack_sharing_enabled":true,"jetpack_shortlink":"https:\/\/wp.me\/PaboIV-br","_links":{"self":[{"href":"http:\/\/kart-hornets.de\/index.php?rest_route=\/wp\/v2\/pages\/709","targetHints":{"allow":["GET"]}}],"collection":[{"href":"http:\/\/kart-hornets.de\/index.php?rest_route=\/wp\/v2\/pages"}],"about":[{"href":"http:\/\/kart-hornets.de\/index.php?rest_route=\/wp\/v2\/types\/page"}],"author":[{"embeddable":true,"href":"http:\/\/kart-hornets.de\/index.php?rest_route=\/wp\/v2\/users\/1"}],"replies":[{"embeddable":true,"href":"http:\/\/kart-hornets.de\/index.php?rest_route=%2Fwp%2Fv2%2Fcomments&post=709"}],"version-history":[{"count":1,"href":"http:\/\/kart-hornets.de\/index.php?rest_route=\/wp\/v2\/pages\/709\/revisions"}],"predecessor-version":[{"id":710,"href":"http:\/\/kart-hornets.de\/index.php?rest_route=\/wp\/v2\/pages\/709\/revisions\/710"}],"wp:attachment":[{"href":"http:\/\/kart-hornets.de\/index.php?rest_route=%2Fwp%2Fv2%2Fmedia&parent=709"}],"curies":[{"name":"wp","href":"https:\/\/api.w.org\/{rel}","templated":true}]}}

Lüneburg Oktober 2020

<p>Der 03.10.20 war nicht nur ein Feiertag, sondern sollte auch der nächste &#8222;Raceday&#8220; der Kart-Hornets in ihrer laufenden Saison 20/21 werden. Zu diesem Zeitpunkt ahnte noch keiner, dass sie auf Grund einer stark erhöhten Zahl an Neuinfizierten mit dem Coronavirus in den nächsten Wochen und Monaten zum letzten Mal im laufenden Kalenderjahr ins Lenkrad greifen würden. Dementsprechend war die Stimmung gut, als die Fahrer zu ihrer Premiere im weit entfernten Lüneburg anreisten: eine Strecke, die für ihr hohes Tempo und zahlreiche Überholmöglichkeiten bekannt war.</p>
<p>Anders als sonst hatte das Qualifying heute ein besonderes Spannungselement parat: Mit Ausnahme von Stefan K. war die Strecke Neuland für alle Beteiligten. Somit wurde es besonders interessant, zu beobachten, wer sich am schnellsten an die neue Strecke gewöhnt, um sich in der Startaufstellung einen Vorteil gegenüber der Konkurrenz zu verschaffen und es war eben fast erwartungsgemäß jener Stefan K., der sein Kart auch an der Spitze des Feldes platzierte. Kai und Ralf lauerten nur knapp dahinter, Alex distanzierte mit seinem vierten Startplatz Claas und Peter von sich, der wiederum die Oberhand gegenüber Stephan und Mahmut, einem heutigen Gastfahrer, behielt. Udo und Christian gingen von den Plätzen Neun und Zehn ins Rennen. Die in Anspruchnahme eines Kartwechsels beförderte Norman auf die elfte und Tobi auf die zwölfte Startposition.</p>
<p>&#8222;Vorne Pfui, hinten Hui&#8220; wäre möglicherweise eine angebrachte Überschrift für den Rennverlauf. Nach einer eher unterkühlten Startphase zeigte die Strecke dann, was sie ausmachte: auf der einen Seite einen hohen Vollgasanteil und damit wenige Chancen, sich fahrerisch einen Vorteil zu verschaffen, gepaart mit einem spürbaren Windschatten, der für reichlich Überholaction sowie ein enges Rennen sorgen sollte, auf der anderen Seite aber auch merkliche Unterschiede bei der Leistungsfähigkeit der Karts. Somit sollte sich der Kartwechsel sowohl für Norman als auch für den Meisterschaftsleader Tobi auszahlen, die jetzt durchaus die Mittel hatten, ihre Vordermänner zu attackieren. Um Platz Fünf sollte es bis zum Schluss eng zugehen: Zu Beginn des Rennens hießen die Protagonisten im Kampf um Platz Fünf Claas und Peter, die Duelle luden aber auch die Konkurrenten ein, mitzumischen. Die Augen zwar nach vorne gerichtet, musste Peter dennoch stets mit einer Attacke vom hinter ihm positionierten Stephan rechnen. Einige Fehler beförderten Mahmut ans Ende des Feldes und Udo zog im Kampf um Platz Zehn gegen Christian den Kürzeren. Norman und Tobi orientierten sich ebenfalls nach vorne und schalteten in den Angriffsmodus. Peter missglückte erst gegen Ende der Spagat zwischen Angriff und Verteidigung, so dass für ihn am Ende nur Platz Neun blieb, für Norman ging es nach dem Kartwechsel immerhin drei Plätze nach vorne. Auch wenn die Fahrer um ihn herum eifrig die Plätze tauschten, kam der amtierende Champion Stephan mit Platz Sieben dort ins Ziel, wo er losgefahren war. Claas wurde Sechster hinter Tobi, der im Meisterschaftskampf die Ellenbogen ausfuhr und sich so noch Platz Fünf sicherte.<br />
An der Spitze gab es ebenso einen Kartwechsel: Ein technischer Defekt zwang Stefan K. vor Rennstart, in ein anderes Kart als das, das ihm zur Pole Position verhalf, zu steigen. Das kalte Kart machte sich bemerkbar und er ließ am Start Federn gegen Kai und Ralf. Alex konnte ihn zu Beginn des Rennens ebenfalls unter Druck setzen. Doch je länger das Rennen dauerte, desto mehr Betriebstemperatur bekam sein Gefährt und ließ ihn an sein Tempo aus der Qualifikation anknüpfen. Das Spitzenduo war zu diesem Zeitpunkt jedoch schon unerreichbar: Ralf wurde Zweiter, ohne dabei aber den fliegenden &#8211; anders als in Oldenzaal dieses Mal nicht wörtlich gemeint &#8211; Kai davon abhalten zu können, einem dominanten Sieg, der zu keinem Zeitpunkt gefährdet war, entgegen zu fahren.</p>
<p>Tobi erhöht damit sein Punktepolster gegenüber dem amtierenden Meister und Präsi Stephan auf 10 Punkte. Mit seinem Sieg verdrängt Kai Olli von Platz Drei und hat seinerseits 8 Punkte Rückstand auf den Zweitplatzierten.</p>

<p>Der 03.10.20 war nicht nur ein Feiertag, sondern sollte auch der nächste &#8222;Raceday&#8220; der Kart-Hornets in ihrer laufenden Saison 20/21 werden. Zu diesem Zeitpunkt ahnte noch keiner, dass sie auf Grund einer stark erhöhten Zahl an Neuinfizierten mit dem Coronavirus in den nächsten Wochen und Monaten zum letzten Mal im laufenden Kalenderjahr ins Lenkrad greifen &hellip; <a href="http://kart-hornets.de/?page_id=709" class="more-link"><span class="screen-reader-text">Lüneburg Oktober 2020</span> weiterlesen <span class="meta-nav">&rarr;</span></a></p>
