{"id":744,"date":"2021-08-10T08:45:32","date_gmt":"2021-08-10T08:45:32","guid":{"rendered":"http:\/\/kart-hornets.de\/?page_id=744"},"modified":"2021-08-10T08:45:32","modified_gmt":"2021-08-10T08:45:32","slug":"rennbericht-bocholt-08-21","status":"publish","type":"page","link":"http:\/\/kart-hornets.de\/?page_id=744","title":{"rendered":"Rennbericht Bocholt 08.21"},"content":{"rendered":"<p style=\"font-weight: 400;\">Am 07.08.21 versammelten sich die Kart-Hornets zu ihrem mittlerweile siebten Rennen der verl\u00e4ngerten Saison 20-22. Der Ort des Geschehens: Bocholt, wo es in der laufenden Saison also schon zum zweiten Mal zum Aufeinandertreffen aller Meisterschaftskontrahenten kommen sollte. Die ver\u00e4nderte Streckenf\u00fchrung im Indoorbereich stellte die Fahrer aber vor neue Herausforderungen. F\u00fcr Spannung war somit gesorgt, denn es w\u00fcrde entscheidend werden, wer sich in dem zehnmin\u00fctigen Qualifying am schnellsten auf das lange Streckenlayout mit einer Rundenzeit von ca. eineinhalb Minuten einstellen k\u00f6nnte.<\/p>\n<p style=\"font-weight: 400;\">Christian belegte nach dem Qualifikationslauf Platz Elf hinter Udo, der sich direkt hinter Ralf einsortierte. Von Kartproblemen geplagt reichte es f\u00fcr Norman nur zu Platz Acht. Der vor ihm startende Olli nahm den auf Platz Sechs liegenden Alex ins Visier, der sich zum ersten Mal seit langem wieder das Heck seines Rivalen Kai aus der N\u00e4he anschauen konnte, da er nach langer Zeit des Pausierens wieder ins Lenkrad griff. Von Platz Vier aus hatte Tobi einen guten Blick auf die Spitzengruppe: Der Meisterschaftsf\u00fchrende und amtierende Meister Stephan qualifizierte sich auf dem hintersten Platz der Top Drei und positionierte sein Gef\u00e4hrt damit unmittelbar hinter Frank, der sich einzig und allein dem Vormonatssieger Peter geschlagen geben musste.<\/p>\n<p style=\"font-weight: 400;\">Eine Sache, die sich in Bocholt nicht ge\u00e4ndert hatte, war der fliegende Start: Eine Runde lang gab das Pacecar das Tempo vor, ehe die Fahrer das erste Mal die Start- und Zielgeraden im Renntempo passierten. Im dichten Gedr\u00e4nge des Starts versuchte jeder Fahrer seinen Platz zu verteidigen und gleichzeitig auf eine Chance zu lauern, den Vordermann zu attackieren. Viele kleinere St\u00f6\u00dfe und Ber\u00fchrungen zeichneten das Bild des Starts. Doch auch die \u00dcberholm\u00f6glichkeiten waren an Ort und Stelle nach wie vor rar ges\u00e4t. Christian behielt seinen elften Platz bis zum Schluss. Der vor ihm fahrende Udo hingegen konnte sich im Startget\u00fcmmel in einem Duell gegen Ralf durchsetzen. Norman setzte sich von den drei Fahrern hinter ihm ab, musste aber hilflos zusehen, wie der Zug der sieben Teilnehmer vor ihm davonzog. Peter nutzte die Startphase in der Spitzengruppe am besten und konnte bereits fr\u00fch eine kleine L\u00fccke zwischen sich und Frank kreieren. Dahinter machte es den Anschein, als k\u00f6nnte Stephan etwas schneller als sein vor ihm fahrender Gegner. Doch, wer fehlerfrei blieb, hatte gute Chancen seine Position bis zum Schluss zu verteidigen. Wer hingegen eine Unachtsamkeit anbot, musste damit rechnen, Lehrgeld zahlen zu m\u00fcssen. Tobi traf im ersten Renndrittel in einer schnellen Rechtskurve eine Bande auf der Innenseite. Er verlor viel Schwung, w\u00e4hrend sein Kart gleichzeitig auf die Au\u00dfenseite der Strecke geschleudert wurde. Geistesgegenw\u00e4rtig stach Kai mit seinem \u00dcberschuss in die L\u00fccke auf der Innenseite hinein. Auch Alex folgte ihm mit einer \u201eJetzt oder nie\u201c Mentalit\u00e4t. Beide schafften es durchzuschl\u00fcpfen und die gewonnene Position in der folgenden Linkskurve abzusichern. Etwas weiter hinten bem\u00fchte sich Ralf, den am Start gegen Udo verlorenen Platz wieder zur\u00fcckzugewinnen, aber Udo bot seinem Kontrahenten bis zur Zielflagge keine M\u00f6glichkeit mehr. Auch zwischen Olli und Tobi tobte in der Folge ein Zweikampf, der bis zur Zieldurchfahrt anhalten sollte.<\/p>\n<p style=\"font-weight: 400;\">Im zweiten Renndrittel erh\u00f6hten Kai und Alex den Druck auf Stephan ganz zur Freude von Frank, der etwas Freiraum gewann, als Stephan gezwungen war sich nach hinten zu orientieren. Beide warteten auf einen Fehler des Pr\u00e4sis, hier und da kam es sowohl zwischen Alex und Kai als auch zwischen Kai und Stephan zu kleineren Kontakten in den Anbremszonen. Doch Stephan behielt die Ruhe und erh\u00f6hte im letzten Renndrittel noch einmal das Tempo. Pl\u00f6tzlich wurde die L\u00fccke zu Frank wieder kleiner. Auch der Weg zum immer noch souver\u00e4n f\u00fchrenden Peter erschien nicht mehr so weit, aber das Rennen war nicht mehr lang genug, um den ersten beiden Pl\u00e4tzen noch ernsthaft gef\u00e4hrlich zu werden. So fuhr Peter am Ende des Tages einen komfortablen zweiten Sieg in Folge vor Frank und Stephan ein, der Kai und Alex hinter sich hielt. Dahinter gelang es Olli in einem nervenaufreibenden Zweikampf bis zur letzten Sekunde, Tobi in der letzten Kurve der letzten Runde zu \u00fcberholen und \u00fcbernahm damit Platz Sechs. An Normans achtem Platz \u00e4nderte sich vom Startschuss bis zur Zielflagge nichts. Dahinter gingen die \u2013 wie bereits erw\u00e4hnt &#8211; schon fr\u00fch bezogenen Pl\u00e4tze Neun bis Elf an Udo, Ralf und Christian.<\/p>\n<p style=\"font-weight: 400;\">Es riecht nach einer Verlagerung des Momentums: Der lange von Pech geplagte Peter f\u00e4hrt seinen zweiten Sieg in Serie ein und verbucht damit zum zweiten Mal in Folge die maximale Punkteausbeute von 20 Punkten. Mit insgesamt 91 Punkten liegt Peter nun auf Platz Zwei in der Gesamtwertung. Stephan knackt durch eine weitere Podiumsplatzierung als erster die 100 Punkte Marke und liegt mit 102 Punkten immer noch in F\u00fchrung. Mit 89 Punkten liegt Tobi immer noch in den Top Drei, schneidet aber mit Platz Sieben erneut schlechter ab als die direkte Konkurrenz.<\/p>\n","protected":false},"excerpt":{"rendered":"<p>Am 07.08.21 versammelten sich die Kart-Hornets zu ihrem mittlerweile siebten Rennen der verl\u00e4ngerten Saison 20-22. Der Ort des Geschehens: Bocholt, wo es in der laufenden Saison also schon zum zweiten Mal zum Aufeinandertreffen aller Meisterschaftskontrahenten kommen sollte. Die ver\u00e4nderte Streckenf\u00fchrung im Indoorbereich stellte die Fahrer aber vor neue Herausforderungen. F\u00fcr Spannung war somit gesorgt, denn &hellip; <a href=\"http:\/\/kart-hornets.de\/?page_id=744\" class=\"more-link\"><span class=\"screen-reader-text\">Rennbericht Bocholt 08.21<\/span> weiterlesen <span class=\"meta-nav\">&rarr;<\/span><\/a><\/p>\n","protected":false},"author":1,"featured_media":0,"parent":0,"menu_order":0,"comment_status":"closed","ping_status":"closed","template":"","meta":{"jetpack_post_was_ever_published":false,"footnotes":""},"class_list":["post-744","page","type-page","status-publish","hentry"],"jetpack_sharing_enabled":true,"jetpack_shortlink":"https:\/\/wp.me\/PaboIV-c0","_links":{"self":[{"href":"http:\/\/kart-hornets.de\/index.php?rest_route=\/wp\/v2\/pages\/744","targetHints":{"allow":["GET"]}}],"collection":[{"href":"http:\/\/kart-hornets.de\/index.php?rest_route=\/wp\/v2\/pages"}],"about":[{"href":"http:\/\/kart-hornets.de\/index.php?rest_route=\/wp\/v2\/types\/page"}],"author":[{"embeddable":true,"href":"http:\/\/kart-hornets.de\/index.php?rest_route=\/wp\/v2\/users\/1"}],"replies":[{"embeddable":true,"href":"http:\/\/kart-hornets.de\/index.php?rest_route=%2Fwp%2Fv2%2Fcomments&post=744"}],"version-history":[{"count":1,"href":"http:\/\/kart-hornets.de\/index.php?rest_route=\/wp\/v2\/pages\/744\/revisions"}],"predecessor-version":[{"id":745,"href":"http:\/\/kart-hornets.de\/index.php?rest_route=\/wp\/v2\/pages\/744\/revisions\/745"}],"wp:attachment":[{"href":"http:\/\/kart-hornets.de\/index.php?rest_route=%2Fwp%2Fv2%2Fmedia&parent=744"}],"curies":[{"name":"wp","href":"https:\/\/api.w.org\/{rel}","templated":true}]}}