{"id":896,"date":"2023-01-13T08:03:14","date_gmt":"2023-01-13T08:03:14","guid":{"rendered":"http:\/\/kart-hornets.de\/?page_id=896"},"modified":"2023-01-13T08:03:16","modified_gmt":"2023-01-13T08:03:16","slug":"rennbericht-greven-2022","status":"publish","type":"page","link":"http:\/\/kart-hornets.de\/?page_id=896","title":{"rendered":"Rennbericht Greven 2022"},"content":{"rendered":"\n<p>Der Dezember war angebrochen und so versammelten sich die Kart-Hornets am 03.12.22  im Knatterdrom in Greven, um die erste H\u00e4lfte ihrer Saison 22\/23 vor der im Anschluss geplanten Weihnachtsfeier zu beschlie\u00dfen. Die enge Indoorstrecke in Greven ist immer wieder Schauplatz eines prestigetr\u00e4chtigen Rennens, da sie nicht weit von der Heimat Osnabr\u00fcck entfernt liegt und damit immer wieder ein beliebtes Ziel f\u00fcr Trainingseinheiten ist. So stieg die Anspannung der Teilnehmer bereits vor dem Qualifying, weil der Favoritenkreis breit aufgestellt war und das Qualifikationsergebnis aufgrund der rar ges\u00e4ten \u00dcberholm\u00f6glichkeiten bereits wegweisend f\u00fcr das Rennergebnis sein w\u00fcrde.<\/p>\n\n\n\n<p><br> In einem engen Qualifying, in dem sich die Fahrer nichts schenkten und geringe Zeitabst\u00e4nde die Anzeigetafel dominierten, musste schlussendlich Christian den elften und damit letzten Startplatz einnehmen. Ralf er\u00f6ffnete die ersten Zehn und positionierte sein Gef\u00e4hrt hinter Tobi, der sich auf dem neunten Platz hinter Jannik einreihte. Der Vormonatsdritte hatte Udo vor sich, welcher den siebten Startplatz f\u00fcr sich beanspruchte und damit freie Sicht auf den R\u00fccken von Kai hatte. Dessen beste Rundenzeit reichte f\u00fcr den sechsten Startplatz, womit er den Einzug unter die ersten F\u00fcnf knapp verpasste. Dieser gelang Stephan gerade so. Von Startposition F\u00fcnf aus ins Rennen gehend nahm er Alex ins Visier, der seinen Blick seinerseits auf die sich vor ihm befindenden Oli und Norman richtete. Bruchteile von Sekunden entschieden den Qualifikationslauf in Greven, den Peter schlussendlich f\u00fcr sich entscheiden konnte. Er erhielt das Momentum aus Dortmund aufrecht und holte im Meisterschaftskampf zum n\u00e4chsten Schlag gegen die Konkurrenz aus.<\/p>\n\n\n\n<p><br> Trotz limitierter \u00dcberholchancen gingen die Fahrer nach dem fliegenden Start motiviert ins Rennen. In einem Rennen dieser Art w\u00fcrden sich nur dann \u00dcberholm\u00f6glichkeiten ergeben, wenn man hochkonzentriert zu Werke ging, sein Maximum abrief und den Vordermann permanent unter Druck setzte. Am Ende des Feldes verlor Christian trotz solider Rundenzeiten den Anschluss zur Konkurrenz. Auch Ralf fuhr auf dem zehnten Platz rangierend ein ereignisarmes Rennen. Davor entstand in der Anfangsphase ein Kampftrio bestehend aus Tobi, Jannik und Udo. Auch Kai \u00fcbte stetigen Druck auf den Pr\u00e4si vor ihm aus. W\u00e4hrend Peter an der Spitze die Gunst der Stunde nutzte und sein Ticket zum Auschecken nutzte, versuchte Norman den zweiten Platz zu verwalten, w\u00e4hrend er Olis sowie Alex&#8216; Atem im Nacken sp\u00fcrte. Und das erste \u00dcberholman\u00f6ver lie\u00df nicht lange auf sich warten: Geistesgegenw\u00e4rtig war Kai in der Lage, eine Unachtsamkeit von Stephan zu seinem Vorteil zu nutzen. Er ging sauber vorbei und \u00fcbernahm damit Platz F\u00fcnf. Von dort aus beobachtete er, wie Peter seinen Vorsprung vorne immer weiter vergr\u00f6\u00dfern konnte und Norman alle H\u00e4nde voll zu tun hatte, den heranst\u00fcrmenden Oli abzuwehren. Immer wieder versuchte Oli Norman mit einer alternativen Linienwahl aus dem Konzept zu bringen. \u00c4hnlich verlief das Rennen weiter hinten: Jannik machte Druck auf Udo, musste aber seinerseits vor einem Angriff von Tobi auf der Hut sein. Es war ein von Taktik gepr\u00e4gtes Rennen, in dem vor allem die Fahrer, die sich im direkten Duell mit einem anderen Teilnehmer befanden, darauf hofften, dass sich eventuell doch die eine Chance ergeben k\u00f6nnte, um seinem Kontrahenten seine Position noch streitig zu machen. Am Ende des Feldes kamen Christian und Ralf nicht mehr \u00fcber die Pl\u00e4tze Elf und Zehn hinaus. Davor fuhren Udo, Jannik und Tobi bis zum Zielstrich Sto\u00dfstange an Sto\u00dfstange, doch Udo hielt dem Druck stand, lie\u00df keinen Angriff mehr von Janniks Seite zu und auch f\u00fcr Tobi ergab sich keine Gelegenheit mehr, um zu profitieren. Kai konnte den Pr\u00e4si zwar das ganze Rennen nicht absch\u00fctteln, verwaltete den f\u00fcnften Platz aber souver\u00e4n, wohingegen der Kampf um das Podium in der Schlussphase nochmal Fahrt aufnahm: Oli sp\u00fcrte, dass er ein wenig mehr Pace im K\u00f6cher hatte als Norman und versuchte bis zum Schluss, Norman in einen Fehler zu zwingen. Doch Norman behielt die Nerven und lie\u00df sich keinerlei Unsicherheit zu Schulden kommen. Als Norman seine Position kurz vor Rennende verteidigte, ber\u00fchrte Oli sein Heck, verlor viel Schwung am Kurvenausgang und holte vor der n\u00e4chsten Kurve weit aus &#8211; ein Fehler, wie sich herausstellte. Alex roch den Braten in der Entstehung und fuhr mit \u00dcberschuss in die offene L\u00fccke hinein. Somit musste sich Oli bei schwarz-wei\u00df karierter Flagge mit dem vierten Platz begn\u00fcgen, w\u00e4hrend sich Alex ein weiteres Podium erk\u00e4mpfte und Norman den zweiten Platz \u00fcber die Linie rettete. Ganz vorne hatte Peter schon fr\u00fch nichts mehr mit den entbrennenden Scharm\u00fctzeln hinter ihm zu tun. Seine harte Arbeit zahlte sich einmal mehr aus und er konnte nach seinem Triumph in Dortmund seinen zweiten Sieg in Serie bejubeln.<\/p>\n\n\n\n<p><br> Bei Saisonhalbzeit lohnt sich beim Blick auf die Tabelle ein erster Zwischenstand nach Verrechnung der Streichergebnisse: In einem sich abzeichnenden Vierkampf befindet sich Stephan mit 71 Z\u00e4hlern auf dem vierten Rang, w\u00e4hrend Alex mit 74 Punkten vorerst Platz Drei \u00fcbernimmt. Norman kann mit 87 Punkten auf eine \u00e4u\u00dferst erfolgreiche erste Saisonh\u00e4lfte zur\u00fcckblicken und ist Peter denkbar knapp auf den Fersen, der nach seinem starken Zwischenspurt auf 88 Punkte kommt und als Meisterschaftsf\u00fchrender in die zweite Saisonh\u00e4lfte geht. <\/p>\n","protected":false},"excerpt":{"rendered":"<p>Der Dezember war angebrochen und so versammelten sich die Kart-Hornets am 03.12.22 im Knatterdrom in Greven, um die erste H\u00e4lfte ihrer Saison 22\/23 vor der im Anschluss geplanten Weihnachtsfeier zu beschlie\u00dfen. Die enge Indoorstrecke in Greven ist immer wieder Schauplatz eines prestigetr\u00e4chtigen Rennens, da sie nicht weit von der Heimat Osnabr\u00fcck entfernt liegt und damit &hellip; <a href=\"http:\/\/kart-hornets.de\/?page_id=896\" class=\"more-link\"><span class=\"screen-reader-text\">Rennbericht Greven 2022<\/span> weiterlesen <span class=\"meta-nav\">&rarr;<\/span><\/a><\/p>\n","protected":false},"author":1,"featured_media":0,"parent":0,"menu_order":0,"comment_status":"closed","ping_status":"closed","template":"","meta":{"jetpack_post_was_ever_published":false,"footnotes":""},"class_list":["post-896","page","type-page","status-publish","hentry"],"jetpack_sharing_enabled":true,"jetpack_shortlink":"https:\/\/wp.me\/PaboIV-es","_links":{"self":[{"href":"http:\/\/kart-hornets.de\/index.php?rest_route=\/wp\/v2\/pages\/896","targetHints":{"allow":["GET"]}}],"collection":[{"href":"http:\/\/kart-hornets.de\/index.php?rest_route=\/wp\/v2\/pages"}],"about":[{"href":"http:\/\/kart-hornets.de\/index.php?rest_route=\/wp\/v2\/types\/page"}],"author":[{"embeddable":true,"href":"http:\/\/kart-hornets.de\/index.php?rest_route=\/wp\/v2\/users\/1"}],"replies":[{"embeddable":true,"href":"http:\/\/kart-hornets.de\/index.php?rest_route=%2Fwp%2Fv2%2Fcomments&post=896"}],"version-history":[{"count":1,"href":"http:\/\/kart-hornets.de\/index.php?rest_route=\/wp\/v2\/pages\/896\/revisions"}],"predecessor-version":[{"id":897,"href":"http:\/\/kart-hornets.de\/index.php?rest_route=\/wp\/v2\/pages\/896\/revisions\/897"}],"wp:attachment":[{"href":"http:\/\/kart-hornets.de\/index.php?rest_route=%2Fwp%2Fv2%2Fmedia&parent=896"}],"curies":[{"name":"wp","href":"https:\/\/api.w.org\/{rel}","templated":true}]}}

<p>Der Dezember war angebrochen und so versammelten sich die Kart-Hornets am 03.12.22  im Knatterdrom in Greven, um die erste Hälfte ihrer Saison 22/23 vor der im Anschluss geplanten Weihnachtsfeier zu beschließen. Die enge Indoorstrecke in Greven ist immer wieder Schauplatz eines prestigeträchtigen Rennens, da sie nicht weit von der Heimat Osnabrück entfernt liegt und damit immer wieder ein beliebtes Ziel für Trainingseinheiten ist. So stieg die Anspannung der Teilnehmer bereits vor dem Qualifying, weil der Favoritenkreis breit aufgestellt war und das Qualifikationsergebnis aufgrund der rar gesäten Überholmöglichkeiten bereits wegweisend für das Rennergebnis sein würde.</p>



<p><br> In einem engen Qualifying, in dem sich die Fahrer nichts schenkten und geringe Zeitabstände die Anzeigetafel dominierten, musste schlussendlich Christian den elften und damit letzten Startplatz einnehmen. Ralf eröffnete die ersten Zehn und positionierte sein Gefährt hinter Tobi, der sich auf dem neunten Platz hinter Jannik einreihte. Der Vormonatsdritte hatte Udo vor sich, welcher den siebten Startplatz für sich beanspruchte und damit freie Sicht auf den Rücken von Kai hatte. Dessen beste Rundenzeit reichte für den sechsten Startplatz, womit er den Einzug unter die ersten Fünf knapp verpasste. Dieser gelang Stephan gerade so. Von Startposition Fünf aus ins Rennen gehend nahm er Alex ins Visier, der seinen Blick seinerseits auf die sich vor ihm befindenden Oli und Norman richtete. Bruchteile von Sekunden entschieden den Qualifikationslauf in Greven, den Peter schlussendlich für sich entscheiden konnte. Er erhielt das Momentum aus Dortmund aufrecht und holte im Meisterschaftskampf zum nächsten Schlag gegen die Konkurrenz aus.</p>



<p><br> Trotz limitierter Überholchancen gingen die Fahrer nach dem fliegenden Start motiviert ins Rennen. In einem Rennen dieser Art würden sich nur dann Überholmöglichkeiten ergeben, wenn man hochkonzentriert zu Werke ging, sein Maximum abrief und den Vordermann permanent unter Druck setzte. Am Ende des Feldes verlor Christian trotz solider Rundenzeiten den Anschluss zur Konkurrenz. Auch Ralf fuhr auf dem zehnten Platz rangierend ein ereignisarmes Rennen. Davor entstand in der Anfangsphase ein Kampftrio bestehend aus Tobi, Jannik und Udo. Auch Kai übte stetigen Druck auf den Präsi vor ihm aus. Während Peter an der Spitze die Gunst der Stunde nutzte und sein Ticket zum Auschecken nutzte, versuchte Norman den zweiten Platz zu verwalten, während er Olis sowie Alex&#8216; Atem im Nacken spürte. Und das erste Überholmanöver ließ nicht lange auf sich warten: Geistesgegenwärtig war Kai in der Lage, eine Unachtsamkeit von Stephan zu seinem Vorteil zu nutzen. Er ging sauber vorbei und übernahm damit Platz Fünf. Von dort aus beobachtete er, wie Peter seinen Vorsprung vorne immer weiter vergrößern konnte und Norman alle Hände voll zu tun hatte, den heranstürmenden Oli abzuwehren. Immer wieder versuchte Oli Norman mit einer alternativen Linienwahl aus dem Konzept zu bringen. Ähnlich verlief das Rennen weiter hinten: Jannik machte Druck auf Udo, musste aber seinerseits vor einem Angriff von Tobi auf der Hut sein. Es war ein von Taktik geprägtes Rennen, in dem vor allem die Fahrer, die sich im direkten Duell mit einem anderen Teilnehmer befanden, darauf hofften, dass sich eventuell doch die eine Chance ergeben könnte, um seinem Kontrahenten seine Position noch streitig zu machen. Am Ende des Feldes kamen Christian und Ralf nicht mehr über die Plätze Elf und Zehn hinaus. Davor fuhren Udo, Jannik und Tobi bis zum Zielstrich Stoßstange an Stoßstange, doch Udo hielt dem Druck stand, ließ keinen Angriff mehr von Janniks Seite zu und auch für Tobi ergab sich keine Gelegenheit mehr, um zu profitieren. Kai konnte den Präsi zwar das ganze Rennen nicht abschütteln, verwaltete den fünften Platz aber souverän, wohingegen der Kampf um das Podium in der Schlussphase nochmal Fahrt aufnahm: Oli spürte, dass er ein wenig mehr Pace im Köcher hatte als Norman und versuchte bis zum Schluss, Norman in einen Fehler zu zwingen. Doch Norman behielt die Nerven und ließ sich keinerlei Unsicherheit zu Schulden kommen. Als Norman seine Position kurz vor Rennende verteidigte, berührte Oli sein Heck, verlor viel Schwung am Kurvenausgang und holte vor der nächsten Kurve weit aus &#8211; ein Fehler, wie sich herausstellte. Alex roch den Braten in der Entstehung und fuhr mit Überschuss in die offene Lücke hinein. Somit musste sich Oli bei schwarz-weiß karierter Flagge mit dem vierten Platz begnügen, während sich Alex ein weiteres Podium erkämpfte und Norman den zweiten Platz über die Linie rettete. Ganz vorne hatte Peter schon früh nichts mehr mit den entbrennenden Scharmützeln hinter ihm zu tun. Seine harte Arbeit zahlte sich einmal mehr aus und er konnte nach seinem Triumph in Dortmund seinen zweiten Sieg in Serie bejubeln.</p>



<p><br> Bei Saisonhalbzeit lohnt sich beim Blick auf die Tabelle ein erster Zwischenstand nach Verrechnung der Streichergebnisse: In einem sich abzeichnenden Vierkampf befindet sich Stephan mit 71 Zählern auf dem vierten Rang, während Alex mit 74 Punkten vorerst Platz Drei übernimmt. Norman kann mit 87 Punkten auf eine äußerst erfolgreiche erste Saisonhälfte zurückblicken und ist Peter denkbar knapp auf den Fersen, der nach seinem starken Zwischenspurt auf 88 Punkte kommt und als Meisterschaftsführender in die zweite Saisonhälfte geht. </p>

<p>Der Dezember war angebrochen und so versammelten sich die Kart-Hornets am 03.12.22 im Knatterdrom in Greven, um die erste Hälfte ihrer Saison 22/23 vor der im Anschluss geplanten Weihnachtsfeier zu beschließen. Die enge Indoorstrecke in Greven ist immer wieder Schauplatz eines prestigeträchtigen Rennens, da sie nicht weit von der Heimat Osnabrück entfernt liegt und damit &hellip; <a href="http://kart-hornets.de/?page_id=896" class="more-link"><span class="screen-reader-text">Rennbericht Greven 2022</span> weiterlesen <span class="meta-nav">&rarr;</span></a></p>
