{"id":953,"date":"2023-09-09T12:56:35","date_gmt":"2023-09-09T12:56:35","guid":{"rendered":"http:\/\/kart-hornets.de\/?page_id=953"},"modified":"2023-09-09T13:40:54","modified_gmt":"2023-09-09T13:40:54","slug":"rennbericht-zwolle-april-2023","status":"publish","type":"page","link":"http:\/\/kart-hornets.de\/?page_id=953","title":{"rendered":"Rennbericht Zwolle April 2023"},"content":{"rendered":"\n<p>Die finalen drei Rennen der Saison 22\/23 wurden f\u00fcr die Kart-Hornets am 01.04.23 eingel\u00e4utet, als sie ihren Exkurs in die Niederlande unternahmen. Das erste von zwei Rennen au\u00dferhalb der deutschen Grenze stieg in Zwolle und es sollte zu einem Rennen werden, das den Teilnehmern auf die eine oder die andere Art noch lange in Erinnerung blieb. F\u00fcr Z\u00fcndstoff war in jedem Fall gesorgt: Denn der Lauf fand auf einer f\u00fcr die Fahrer unbekannten Strecke im str\u00f6menden Regen statt.<br><\/p>\n\n\n\n<p>In der zehnmin\u00fctigen Qualifikation kam es auf nasser Fahrbahn auf jede Runde an: Wer hat das beste Gef\u00fchl f\u00fcr die Strecke? Wer schie\u00dft sich am besten auf die Bedingungen ein? Wer holt das Maximum aus seinem Paket heraus? Diese Fragen galt es zu beantworten und auf dem Rundkurs, auf dem bei den herrschenden Bedingungen verschiedene Linien m\u00f6glich zu sein schienen, verbuchte Christian &#8211; wenn auch nur knapp &#8211; die langsamste Zeit hinter Carsten. Zu einem denkbar ung\u00fcnstigen Zeitpunkt in der Saison erwischte Peter leistungsschwaches Arbeitsmaterial, so dass er nicht \u00fcber den elften Startplatz hinauskam. Direkt vor ihm rangierte Udo, der sich hinter Olli einreihte. Dieser wiederum wurde von Ralf auf den neunten Platz verwiesen. Von Platz Acht aus hatte er beste Sicht auf das Heck von Jannik, der sich Tobi knapp geschlagen geben musste. Die Top F\u00fcnf er\u00f6ffnete Alex, der mit Stefan K. einen echten Regenspezialisten vor sich hatte. Dieser fuhr trotz seiner F\u00e4higkeiten auf nasser Piste nur die viertschnellste Zeit und platzierte sein Kart hinter Stephan und Kai. Die Spitzenposition ergatterte Norman, der vor dem Hintergrund der Startposition seines \u00e4rgsten Kontrahenten alle F\u00e4den f\u00fcr das Rennen und einen Umschwung an der Tabellenspitze in der Hand hielt.<br><\/p>\n\n\n\n<p>Fast folgerichtig wechselte Peter sein Gef\u00e4hrt vor dem Rennstart. Er musste den Lauf somit von der letzten Startposition in Angriff nehmen, doch es dauerte nicht lange, bis Startpl\u00e4tze ohnehin nichts mehr wert waren: Kurz nachdem das Rennen freigegeben worden war, versuchten die Fahrer wie so oft im Get\u00fcmmel den bestm\u00f6glichen Platz in der Schlange zu finden. Doch die unbekannte Strecke sowie die nasse Fahrbahn zeigten ihre Z\u00e4hne und noch w\u00e4hrend der ersten Runde f\u00fchrten Norman und Kai einen Zweikampf um das freie Sichtfeld an der Spitze, bei dem keiner nachgeben wollte. Es kam zum Kontakt, beide Fahrer drehten sich, Alex konnte der Kettenreaktion nicht mehr ausweichen und unternahm seinerseits einen Ausritt in den Sand. Gleich drei Fahrer, die mit gro\u00dfen Ambitionen nach Zwolle gereist waren, wurden an das Ende des Feldes gesp\u00fclt. W\u00e4hrenddessen \u00fcbernahm der Pr\u00e4si die Kontrolle \u00fcber das Rennen, Peter profitierte ebenfalls von den Umst\u00e4nden und machte wertvolle Positionen gut. Alex versuchte schnell wieder den Anschluss nach vorne herzustellen und attackierte Udo. Bei diesem Rad an Rad Duell ber\u00fchrte Udo mit seinen Reifen das nasse Gras und drehte sich. Norman und Kai, die noch weiter zur\u00fcckgefallen waren als Alex, bekamen so direkt einen Platz geschenkt. An der Spitze des Feldes hatte Stephan alle H\u00e4nde voll zu tun, mit dem Druck zurecht zu kommen, den sein Namensvetter auf ihn aus\u00fcbte. Auch Jannik, einer der Nutznie\u00dfer der Startsituation, schaltete sich pl\u00f6tzlich mit in den Kampf um den Sieg ein. Alex \u00fcberholte in der Folge Carsten und Ralf, das Spitzenduo aus dem Qualifying tat es ihm gleich und es zeichnete sich bereits ab, dass sowohl Kai als auch Norman noch nicht aufgesteckt hatten, was die Topplatzierungen betraf. Mit einer beeindruckenden Rennpace machten sie Meter um Meter auf Alex gut, w\u00e4hrend auch Olli zu seinem Rhythmus fand und ein ernstes W\u00f6rtchen um die Podestpl\u00e4tze mitreden wollte. Norman und Kai lie\u00dfen Alex kurz darauf einfach stehen. Kurze Zeit sp\u00e4ter nahmen sie sich Tobi vor, der ebenfalls keine Gegenwehr leisten konnte. Hier entbrannte ein erbitterter Zweikampf mit Alex. Denn auch dieser umrundete den Kurs schneller als sein Vordermann, hatte aber nicht den gleichen Pacevorteil wie seine beiden Vorg\u00e4nger auf seiner Seite, so dass er sich das \u00dcberholman\u00f6ver gegen Tobi hart erarbeiten musste. Der Pr\u00e4si versuchte mit seinem beherzten Einsatz, die F\u00fchrung zu verteidigen. Er nutzte sein komplettes fahrerisches Repertoire, um die Konkurrenz hinter ihm zu halten, doch es zeichnete sich ab, dass er mit immer stumpferen Waffen k\u00e4mpfte je l\u00e4nger das Rennen dauerte. Der n\u00e4chste Aufreger lie\u00df nicht lange auf sich warten: Peter, der sich zumindest bis ins vordere Mittelfeld vork\u00e4mpfen konnte und nach wie vor seinen engsten Rivalen hinter sich hielt, wurde im direkten Duell mit Kai getroffen. Auf der nassen Fahrbahn war er ohne Chance, das Fahrzeug rechtzeitig unter Kontrolle zu bringen, so dass er sich drehte und ein ohnehin schon gebrauchter Samstag, der gerade etwas ins Positive umzuschwenken schien zu einem Alptraum wurde. Norman erbte die Position im Gleichschritt mit Kai und beide machten sich im Anschluss auf, noch an der Spitze anzuklopfen, wo immer noch ein Vierkampf tobte, den Stephan &#8211; bezogen auf die Rundenzeit &#8211; einbremste, indem er sich so breit wie m\u00f6glich machte. Aber irgendwann sollte auch die st\u00e4rkste Verteidigung brechen und als der erste Fahrer am Pr\u00e4si vorbeizog, standen alle anderen Teilnehmer unter Zugzwang, es ihm gleich zu tun, falls sie Anspruch auf den Rennsieg anmelden wollten. Zusammen mit Norman und Kai entwickelte sich der Kampf um den Sieg zu einem Sechskampf, bei dem Stephans Widerstand letzten Endes brach, so dass er bis auf den sechsten Platz zur\u00fcckgereicht wurde. Jannik, Olli und Norman nutzten die Gunst der Stunde f\u00fcr sich am besten und nahmen an der Spitze Rei\u00dfaus. Nur knapp dahinter versuchten Stefan und Kai die letzten St\u00fccke vom Kuchen abzugreifen. In einem turbulenten und ereignisreichen Rennen \u00fcberquerten am Ende Carsten, Udo, Peter und Christian als die gro\u00dfen Verlierer des Tages auf den Pl\u00e4tzen Zehn bis Dreizehn die Ziellinie. Ralf fuhr ein einsames Rennen auf Rang Neun, w\u00e4hrend Alex bis zum Zieldurchlauf keinen Weg an Tobi vorbeifand und sich mit Platz Acht begn\u00fcgen musste. Stephan musste zum Ende hin auf Platz Sechs liegend abrei\u00dfen lassen. Kai stie\u00df zwar noch in die ersten F\u00fcnf vor, doch bei Stefan K. war auch f\u00fcr ihn Endstation. Das furiose Finale geh\u00f6rte indes Norman, Olli und Jannik: Norman, der noch am Ende der ersten Runde dem Feld als Letzter hinterherjagen musste, hatte tats\u00e4chlich noch die Chance, das Rennen zu gewinnen gegen zwei Fahrer, die ihren Rhythmus gefunden und die Gunst der Stunde genutzt hatten. An Olli konnte der Meisterschaftsanw\u00e4rter noch vorbeiziehen. F\u00fcr den ganz gro\u00dfen Coup fehlte ihm am Ende aber wohl eine entscheidende Runde. Somit rettete Jannik den Sieg in einem fulminanten Rennen ins Ziel.<br><\/p>\n\n\n\n<p>Das chaotische Rennen in Zwolle, in dem viel durcheinander gelaufen ist, wirbelt auch die Ausgangslage f\u00fcr die finalen zwei Rennen in der Meisterschaft ordentlich durcheinander: Ein vierter Platz, der vorher noch ein Streichergebnis gewesen ist, muss f\u00fcr Peter wieder in die Wertung aufgenommen werden, da sein zw\u00f6lfter Platz des heutigen Tages sein neuer Anw\u00e4rter auf das Streichergebnis ist. Gleichzeitig f\u00e4hrt Norman nach einer denkbar verkorksten Startphase auf dem Kurs der Gewinnmaximierung und kann weitere 17 Punkte f\u00fcr sein Punktekonto verbuchen und schraubt jenes somit auf 147. Nach Neuberechnung der Punkte unter Miteinbeziehung der Streichergebnisse hat Peter zwei Meisterschaftsl\u00e4ufe, bevor der Vorhang f\u00e4llt, mit 149 Z\u00e4hlern einen \u00fcberschaubaren Vorteil von zwei Punkten auf seiner Seite.<\/p>\n","protected":false},"excerpt":{"rendered":"<p>Die finalen drei Rennen der Saison 22\/23 wurden f\u00fcr die Kart-Hornets am 01.04.23 eingel\u00e4utet, als sie ihren Exkurs in die Niederlande unternahmen. Das erste von zwei Rennen au\u00dferhalb der deutschen Grenze stieg in Zwolle und es sollte zu einem Rennen werden, das den Teilnehmern auf die eine oder die andere Art noch lange in Erinnerung &hellip; <a href=\"http:\/\/kart-hornets.de\/?page_id=953\" class=\"more-link\"><span class=\"screen-reader-text\">Rennbericht Zwolle April 2023<\/span> weiterlesen <span class=\"meta-nav\">&rarr;<\/span><\/a><\/p>\n","protected":false},"author":1,"featured_media":0,"parent":0,"menu_order":0,"comment_status":"closed","ping_status":"closed","template":"","meta":{"jetpack_post_was_ever_published":false,"footnotes":""},"class_list":["post-953","page","type-page","status-publish","hentry"],"jetpack_sharing_enabled":true,"jetpack_shortlink":"https:\/\/wp.me\/PaboIV-fn","_links":{"self":[{"href":"http:\/\/kart-hornets.de\/index.php?rest_route=\/wp\/v2\/pages\/953","targetHints":{"allow":["GET"]}}],"collection":[{"href":"http:\/\/kart-hornets.de\/index.php?rest_route=\/wp\/v2\/pages"}],"about":[{"href":"http:\/\/kart-hornets.de\/index.php?rest_route=\/wp\/v2\/types\/page"}],"author":[{"embeddable":true,"href":"http:\/\/kart-hornets.de\/index.php?rest_route=\/wp\/v2\/users\/1"}],"replies":[{"embeddable":true,"href":"http:\/\/kart-hornets.de\/index.php?rest_route=%2Fwp%2Fv2%2Fcomments&post=953"}],"version-history":[{"count":2,"href":"http:\/\/kart-hornets.de\/index.php?rest_route=\/wp\/v2\/pages\/953\/revisions"}],"predecessor-version":[{"id":972,"href":"http:\/\/kart-hornets.de\/index.php?rest_route=\/wp\/v2\/pages\/953\/revisions\/972"}],"wp:attachment":[{"href":"http:\/\/kart-hornets.de\/index.php?rest_route=%2Fwp%2Fv2%2Fmedia&parent=953"}],"curies":[{"name":"wp","href":"https:\/\/api.w.org\/{rel}","templated":true}]}}