{"id":963,"date":"2023-09-09T13:10:25","date_gmt":"2023-09-09T13:10:25","guid":{"rendered":"http:\/\/kart-hornets.de\/?page_id=963"},"modified":"2023-09-09T13:58:53","modified_gmt":"2023-09-09T13:58:53","slug":"rennbericht-kirchlengern-juli-2023","status":"publish","type":"page","link":"http:\/\/kart-hornets.de\/?page_id=963","title":{"rendered":"Rennbericht Kirchlengern Juli 2023"},"content":{"rendered":"\n<p>Am 01.07.23 hie\u00df es nach einer spannenden Meisterschaftsentscheidung einen Monat zuvor &#8222;neue Saison, neues Gl\u00fcck&#8220; und es war eine Saison, die mit viel Vorfreude erwartet wurde, da die Kr\u00e4fteverh\u00e4ltnisse, die sich gegen Ende der vergangenen Saison angedeutet haben, versprachen, dass gleich mehrere Fahrer konstant um Siege w\u00fcrden k\u00e4mpfen k\u00f6nnen. Hochmotiviert reiste man also nach Kirchlengern, wohin man kurzerhand aufgrund von terminlichen Problemen auf der traditionellen Auftaktstrecke in Oldenzaal ausweichen musste. Dies tat der Spannung jedoch keinen Abbruch, weil man an Ort und Stelle ein sehr geringes Leistungsgef\u00e4lle erwarten konnte.<br><\/p>\n\n\n\n<p>Thomas, der weiterhin stetig an der Verbesserung seiner Konstanz arbeitete, nahm den letzten Startplatz hinter Christian ein, nachdem dieser die elftschnellste Zeit gefahren war. Udo sicherte sich Platz Zehn direkt hinter dem frisch gebackenen Meister Norman, der wohl dem Arbeitsmaterial geschuldet auf einer seiner Paradestrecken hinter seinen Erwartungen zur\u00fcckblieb. Tobi ging von Platz Acht aus ins Rennen, weil sein Bruder Olli ihn knapp hinter sich lie\u00df. Dieser wiederum hatte gegen\u00fcber Stephan das Nachsehen, der erst mit Versp\u00e4tung ins Qualifying eingreifen konnte und daher Schadensbegrenzung betrieb. Claas nahm einen soliden f\u00fcnften Startplatz hinter Kai ein, Kai verpasste seinerseits den Einzug in die Top Drei, da sich Alex mit der drittschnellsten Zeit direkt vor ihm positionierte. Jannik erwischte ein starkes erstes Qualifying der Saison und parkte sein Kart in der zweiten Gridbox, doch der in der vergangenen Saison denkbar knapp geschlagene Vizemeister Peter umrundete den Kurs noch schneller und meldete direkt zu Beginn der noch jungen Meisterschaft Anspr\u00fcche auf die Spitzenposition an.<br><\/p>\n\n\n\n<p>Fast folgerichtig tauschte Norman vor dem stehenden Rennstart sein Gef\u00e4hrt. Er musste den ersten Saisonlauf deshalb zwar von ganz hinten in Angriff nehmen, doch konnte aufgrund seiner fahrerischen F\u00e4higkeiten auf dieser Rennstrecke auf eine Aufholjagd hoffen. Kaum waren die Lichter ausgegangen, machte der Titelverteidiger seine ersten Pl\u00e4tze gut: Er flog an Thomas und Christian vorbei und nahm in der Folge Tobi ins Visier. Claas lie\u00df am Start im Mittelfeldget\u00fcmmel ein paar Federn, als er von Stephan und Olli \u00fcberholt wurde. Etwas weiter vorne schl\u00fcpfte Kai an Alex vorbei. Mit ein wenig Ellenbogeneinsatz eroberte Alex die Position eine Kurve sp\u00e4ter wieder zur\u00fcck. Dies er\u00f6ffnete Peter und Jannik die M\u00f6glichkeit, sofort eine erste L\u00fccke nach hinten aufzurei\u00dfen und sich nur auf das Duell mit dem jeweils anderen zu konzentrieren. Norman machte danach weiter Pl\u00e4tze gut: In einem engen Zweikampf zwischen Tobi und Udo, bei dem Tobi zun\u00e4chst die Nase vorn hatte, wurde er zum Profiteur und zog zuerst an Udo, dann an Tobi vorbei, w\u00e4hrend sich das Feld vor ihm zun\u00e4chst sortiert hatte. So konnte sich der amtierende Champion, der sein Potenzial mit dem getauschten Kart voll und ganz entfalten konnte, einen nach dem anderen vorkn\u00f6pfen: Erst Claas, dann Olli und wenig sp\u00e4ter auch der Pr\u00e4si wurden von ihm distanziert. In der Zwischenzeit hatten sich Kai und Alex ein wenig von ihren Verfolgern abgesetzt, an der Spitze wich Jannik Peter nicht von der Seite und scherte immer wieder aus, um seinen Gegner seine Pr\u00e4senz sp\u00fcren zu lassen. Bei Halbzeit erreichte Norman das Heck von Kai. Nach kurzem Schlagabtausch musste auch Kai die wie entfesselt fahrende Pl\u00e4te ziehen lassen. W\u00e4hrend er Alex zu seinem n\u00e4chsten Ziel erkl\u00e4rte, setzte sich Jannik an der Spitze gegen Peter durch: Er \u00fcbernahm die Spitzenposition und der Routinier ordnete sich hinter ihm ein, um auf eine eventuelle Chance zum Gegenangriff kurz vor Rennende zu lauern. Alex wehrte sich nach Kr\u00e4ften gegen Norman, aber auch er musste sich nach einem Duell \u00fcber zwei Runden geschlagen geben, als einsetzende Regentropfen den Fahrern die Bedingungen im letzten Renndrittel erschwerten. Tobi wurde zum Opfer der feucht werdenden Fahrbahn und drehte sich. Die Befreiungsaktion kostete ihn einen Platz gegen Udo. W\u00e4hrenddessen k\u00e4mpfte auch Peter mit dem Gripniveau und konnte das Tempo von Jannik nicht l\u00e4nger mitgehen. Stattdessen musste er sich nach hinten orientieren, da Norman immer noch nicht genug zu haben schien. Thomas, Christian und Tobi belegten schlie\u00dflich die letzten drei Pl\u00e4tze hinter Udo und Claas, der nach dem Start nicht gegen die beiden Kontrahenten vor ihm zur\u00fcckschlagen konnte. Der Pr\u00e4si behauptete seinen sechsten Platz gegen\u00fcber Olli nach seiner hektischen Anreise, w\u00e4hrend Kai und Alex die Pl\u00e4tze F\u00fcnf und Vier einfuhren. Norman setzte Peter bis zum Zielstrich unter Druck, am Kart-Opa sollte er sich aber schlussendlich die Z\u00e4hne ausbei\u00dfen und beendete seine Aufholjagd auf dem dritten Platz. Vorne konnte Jannik im letzten Renndrittel Rei\u00dfaus nehmen und einen souver\u00e4nen Sieg im ersten Saisonrennen eint\u00fcten.<br><\/p>\n\n\n\n<p>Jannik erwischt einen Auftakt nach Ma\u00df und f\u00e4hrt die ersten 20 Punkte der neuen Meisterschaft ein. Er verweist Peter und Norman auf die Pl\u00e4tze Zwei und Drei, die sich nichtsdestotrotz mit ihren Podiumsplatzierungen zu den Gewinnern des Saisonauftaktes z\u00e4hlen d\u00fcrfen. Aber auch Alex, Kai und Stephan stellen mit ihren Ergebnissen auf den Verfolgerpositionen unter Beweis, dass im weiteren Verlauf der Saison durchaus mit ihnen zu rechnen ist.<\/p>\n","protected":false},"excerpt":{"rendered":"<p>Am 01.07.23 hie\u00df es nach einer spannenden Meisterschaftsentscheidung einen Monat zuvor &#8222;neue Saison, neues Gl\u00fcck&#8220; und es war eine Saison, die mit viel Vorfreude erwartet wurde, da die Kr\u00e4fteverh\u00e4ltnisse, die sich gegen Ende der vergangenen Saison angedeutet haben, versprachen, dass gleich mehrere Fahrer konstant um Siege w\u00fcrden k\u00e4mpfen k\u00f6nnen. Hochmotiviert reiste man also nach Kirchlengern, &hellip; <a href=\"http:\/\/kart-hornets.de\/?page_id=963\" class=\"more-link\"><span class=\"screen-reader-text\">Rennbericht Kirchlengern Juli 2023<\/span> weiterlesen <span class=\"meta-nav\">&rarr;<\/span><\/a><\/p>\n","protected":false},"author":1,"featured_media":0,"parent":0,"menu_order":0,"comment_status":"closed","ping_status":"closed","template":"","meta":{"jetpack_post_was_ever_published":false,"footnotes":""},"class_list":["post-963","page","type-page","status-publish","hentry"],"jetpack_sharing_enabled":true,"jetpack_shortlink":"https:\/\/wp.me\/PaboIV-fx","_links":{"self":[{"href":"http:\/\/kart-hornets.de\/index.php?rest_route=\/wp\/v2\/pages\/963","targetHints":{"allow":["GET"]}}],"collection":[{"href":"http:\/\/kart-hornets.de\/index.php?rest_route=\/wp\/v2\/pages"}],"about":[{"href":"http:\/\/kart-hornets.de\/index.php?rest_route=\/wp\/v2\/types\/page"}],"author":[{"embeddable":true,"href":"http:\/\/kart-hornets.de\/index.php?rest_route=\/wp\/v2\/users\/1"}],"replies":[{"embeddable":true,"href":"http:\/\/kart-hornets.de\/index.php?rest_route=%2Fwp%2Fv2%2Fcomments&post=963"}],"version-history":[{"count":1,"href":"http:\/\/kart-hornets.de\/index.php?rest_route=\/wp\/v2\/pages\/963\/revisions"}],"predecessor-version":[{"id":964,"href":"http:\/\/kart-hornets.de\/index.php?rest_route=\/wp\/v2\/pages\/963\/revisions\/964"}],"wp:attachment":[{"href":"http:\/\/kart-hornets.de\/index.php?rest_route=%2Fwp%2Fv2%2Fmedia&parent=963"}],"curies":[{"name":"wp","href":"https:\/\/api.w.org\/{rel}","templated":true}]}}