{"id":969,"date":"2023-09-09T13:18:30","date_gmt":"2023-09-09T13:18:30","guid":{"rendered":"http:\/\/kart-hornets.de\/?page_id=969"},"modified":"2023-09-09T13:52:01","modified_gmt":"2023-09-09T13:52:01","slug":"rennbericht-essen-bahn-2-mit-outdoor-september-2023","status":"publish","type":"page","link":"http:\/\/kart-hornets.de\/?page_id=969","title":{"rendered":"Rennbericht Essen Bahn 2 mit Outdoor September 2023"},"content":{"rendered":"\n<p>Der normale Alltag war l\u00e4ngst in der neuen Saison eingekehrt und so fanden sich die Kart-Hornets am 02.09.23 in Essen ein, um gemeinsam ihr drittes Saisonrennen durchzuziehen. Gefahren wurde auf der zweiten Bahn im Uhrzeigersinn unter Miteinbeziehung des Outdoorbereichs. Das bedeutete auf der Strecke, auf der \u00dcberholm\u00f6glichkeiten rar ges\u00e4t waren, eine verh\u00e4ltnism\u00e4\u00dfig lange Runde und folglich nur wenige Runden, um im Qualifying eine Bestmarke zu setzen. Dar\u00fcber hinaus hatte sich k\u00fcrzlich das Streckenlayout im Indoorbereich leicht ver\u00e4ndert, so dass sich die Fahrer mit einer zus\u00e4tzlichen Herausforderung konfrontiert sahen.<br><\/p>\n\n\n\n<p>Bei rutschigen Verh\u00e4ltnissen dauerte es einige Runden, bis die Fahrer vollstes Vertrauen in ihr Gef\u00e4hrt hatten und so blieb es bis zur letzten Runde spannend, wer wohl in der Lage sein w\u00fcrde im richtigen Moment die richtige Rundenzeit zu setzen. Thomas musste das Rennen abermals von ganz hinten in Angriff nehmen und auch der Titelverteidiger hatte Pech: Sein Arbeitsmaterial sorgte daf\u00fcr, dass Norman mit stumpfen Waffen k\u00e4mpfte und nicht \u00fcber Platz Zw\u00f6lf hinauskam. Olli und Kai taten sich bereits in der Vergangenheit am Wettkampfort, an dem auf ein Fahrergewicht von 100 Kilo aufgelastet wird, schwer und mussten sich mit den Positionen Elf und Zehn begn\u00fcgen. Claas qualifizierte sich auf Rang Neun hinter Peter, der ebenfalls mit seinem Kartmaterial haderte. Dies erm\u00f6glichte Udo einen soliden siebten Startplatz hinter Tobi, der seinerseits beste Sicht auf das heck von Jannik hatte. F\u00fcr den Sieger der beiden Auftaktrennen reichte es immerhin zu Startposition F\u00fcnf. Er wurde von Stefan K. distanziert, der selbst aber ebenfalls den Einzug unter die ersten Drei verpasste. Mit einem Abstand von insgesamt zwei Hundertsteln zwischen den ersten drei Piloten hatte am Ende der Pr\u00e4si das beste Ende f\u00fcr sich: Nachdem er das Rennen im Vormonat auslassen musste, meldete er sich eindrucksvoll zur\u00fcck und setzte sich im Qualifikationslauf denkbar knapp gegen Alex und Ralf durch.<br><\/p>\n\n\n\n<p>Das Rennen im Ruhrpott wurde wie gewohnt mit einem fliegenden Start freigegeben und wie schon in Bocholt einen Monat zuvor wussten die Fahrer, dass sie nur Au\u00dfenseiterchancen auf ein \u00dcberholman\u00f6ver zu erwarten hatten. Norman entschied sich etwas \u00fcberraschend dagegen, seinen fahrbaren Untersatz zu tauschen. Somit blieb er zun\u00e4chst Zw\u00f6lfter vor Thomas, w\u00e4hrend Stephan an der Spitze schon fr\u00fch versuchte, das Heft in die eigene Hand zu nehmen. Er setzte sich leicht von Alex ab, der seinerseits den Druck von Ralf hinter ihm sp\u00fcrte. Auch im hinteren Drittel entstand ein Kampftrio um Claas, Kai und Olli, etwas weiter vorne wich Tobi Jannik nicht von der Seite, w\u00e4hrend die Rennen von Peter und Udo etwas ruhiger verliefen. Norman gab das Rennen im weiteren Verlauf aufgrund der Aussichtslosigkeit seiner Situation auf, so dass Thomas einen Platz gutmachen konnte. Davor kam es in der zweiten Rennh\u00e4lfte zu einem echten Aufreger: Kai und Olli bissen sich an der hartn\u00e4ckigen Verteidigung von Claas die Z\u00e4hne aus. Mit einem etwas ambitionierten Man\u00f6ver versuchte Kai seinen Vordermann auf dem falschen Fu\u00df zu erwischen, w\u00e4hrend dieser seinen Verfolger nicht dort erwartete und sich schon auf den Einlenkpunkt der Kurve konzentrierte. Kai traf Claas in der Folge an der hinteren rechten Ecke seines Hecks, er verlor die Kontrolle \u00fcber sein Kart, drehte sich und b\u00fc\u00dfte unverschuldet die Positionen gegen\u00fcber Kai und Olli ein. An Peters sowie Udos Situation \u00e4nderte sich im letzten Drittel auf den Pl\u00e4tzen Acht und Sieben nichts mehr. Auch Jannik hatte seine Situation im Griff und behauptete seinen f\u00fcnften Platz gegen\u00fcber Tobi. Stefan K. fuhr ein verh\u00e4ltnism\u00e4\u00dfig einsames Rennen, w\u00e4hrend er auf der vierten Position rangierte und nur aus der Ferne beobachten konnte, wie Ralf immer wieder einen Angriff gegen Alex andeutete. Oft scherte er aus und versuchte den Rhythmus seines Vordermannes zu st\u00f6ren, Alex zeigte Nerven und hatte immer wieder Probleme, konzentriert zu bleiben und konstante Rundenzeiten zu produzieren. Aber das Streckenlayout, das keinen wirklichen \u00dcberholpunkt anbot, spielte ihm in die Karten, so dass er seinen zweiten Platz \u00fcber die Linie retten konnte. Von diesem intensiven Zweikampf, der sich direkt hinter abspielte, bekam Stephan nichts mit: Bereits in der Anfangsphase brachte er ein angenehmes Ruhepolster zwischen sich und Alex, blieb fehlerfrei und lie\u00df sich den Sieg nicht mehr nehmen.<br><\/p>\n\n\n\n<p>Das dritte Saisonrennen ist der erste Lauf der aktuellen Meisterschaft, der die Ergebnisse unter den Topfahrern geh\u00f6rig durcheinander wirbelt: W\u00e4hrend Norman, Kai und Peter ein Rennen erleben, das potenziell zu ihrem Streichergebnis werden k\u00f6nnte, ist Stephan endlich in der Saison angekommen. Mit seinem Sieg kann er 20 Punkte verbuchen und kann trotz seines R\u00fcckstandes auf die Spitze optimistisch sein, da er aufgrund seines Fehlens im Vormonat kein Ergebnis mehr im weiteren Verlauf der Saison streichen muss. Jannik und Alex setzen sich vorerst mit konstanten, guten Ergebnissen in der Tabellenspitze fest. Der Sieger der ersten beiden L\u00e4ufe kann nach seinem f\u00fcnften Platz am heutigen Tag 52 Punkte vorweisen, Alex schraubt sein Punktekonto seinerseits mit seinem zweiten Platz auf 47 und r\u00fcckt etwas n\u00e4her an seinen Kontrahenten heran.<\/p>\n","protected":false},"excerpt":{"rendered":"<p>Der normale Alltag war l\u00e4ngst in der neuen Saison eingekehrt und so fanden sich die Kart-Hornets am 02.09.23 in Essen ein, um gemeinsam ihr drittes Saisonrennen durchzuziehen. Gefahren wurde auf der zweiten Bahn im Uhrzeigersinn unter Miteinbeziehung des Outdoorbereichs. Das bedeutete auf der Strecke, auf der \u00dcberholm\u00f6glichkeiten rar ges\u00e4t waren, eine verh\u00e4ltnism\u00e4\u00dfig lange Runde und &hellip; <a href=\"http:\/\/kart-hornets.de\/?page_id=969\" class=\"more-link\"><span class=\"screen-reader-text\">Rennbericht Essen Bahn 2 mit Outdoor September 2023<\/span> weiterlesen <span class=\"meta-nav\">&rarr;<\/span><\/a><\/p>\n","protected":false},"author":1,"featured_media":0,"parent":0,"menu_order":0,"comment_status":"closed","ping_status":"closed","template":"","meta":{"jetpack_post_was_ever_published":false,"footnotes":""},"class_list":["post-969","page","type-page","status-publish","hentry"],"jetpack_sharing_enabled":true,"jetpack_shortlink":"https:\/\/wp.me\/PaboIV-fD","_links":{"self":[{"href":"http:\/\/kart-hornets.de\/index.php?rest_route=\/wp\/v2\/pages\/969","targetHints":{"allow":["GET"]}}],"collection":[{"href":"http:\/\/kart-hornets.de\/index.php?rest_route=\/wp\/v2\/pages"}],"about":[{"href":"http:\/\/kart-hornets.de\/index.php?rest_route=\/wp\/v2\/types\/page"}],"author":[{"embeddable":true,"href":"http:\/\/kart-hornets.de\/index.php?rest_route=\/wp\/v2\/users\/1"}],"replies":[{"embeddable":true,"href":"http:\/\/kart-hornets.de\/index.php?rest_route=%2Fwp%2Fv2%2Fcomments&post=969"}],"version-history":[{"count":1,"href":"http:\/\/kart-hornets.de\/index.php?rest_route=\/wp\/v2\/pages\/969\/revisions"}],"predecessor-version":[{"id":970,"href":"http:\/\/kart-hornets.de\/index.php?rest_route=\/wp\/v2\/pages\/969\/revisions\/970"}],"wp:attachment":[{"href":"http:\/\/kart-hornets.de\/index.php?rest_route=%2Fwp%2Fv2%2Fmedia&parent=969"}],"curies":[{"name":"wp","href":"https:\/\/api.w.org\/{rel}","templated":true}]}}